{"id":23238,"date":"2025-07-18T10:00:43","date_gmt":"2025-07-18T10:00:43","guid":{"rendered":"https:\/\/fundacionincipe.com\/?post_type=tribe_events&#038;p=23238"},"modified":"2025-07-18T10:00:43","modified_gmt":"2025-07-18T10:00:43","slug":"80-o-periodo-de-sesiones-de-la-asamblea-general-de-las-naciones-unidas-agnu-80","status":"publish","type":"tribe_events","link":"https:\/\/fundacionincipe.com\/index.php\/event\/80-o-periodo-de-sesiones-de-la-asamblea-general-de-las-naciones-unidas-agnu-80\/","title":{"rendered":"80.\u00ba periodo de sesiones de la Asamblea General de las Naciones Unidas (AGNU 80)"},"content":{"rendered":"","protected":false},"excerpt":{"rendered":"<p>Del 9 al 23 de septiembre de 2025, l\u00edderes de todo el mundo se reunir\u00e1n en Nueva York para la 80.\u00aa sesi\u00f3n de la Asamblea General de la ONU. Durante este periodo, se celebrar\u00e1 la Semana de Alto Nivel, con eventos clave sobre los Objetivos de Desarrollo Sostenible (ODS), salud global, energ\u00eda y gobernanza mundial. Adem\u00e1s, el 22 de septiembre se conmemorar\u00e1 el 80.\u00ba aniversario de la firma de la Carta de la ONU con una reuni\u00f3n de alto nivel de jefes de Estado y de Gobierno.<\/p>\n","protected":false},"author":3,"featured_media":0,"template":"","meta":{"_acf_changed":false,"_tribe_events_status":"","_tribe_events_status_reason":"","footnotes":""},"tags":[],"tribe_events_cat":[105],"class_list":["post-23238","tribe_events","type-tribe_events","status-publish","hentry","tribe_events_cat-espanol","cat_espanol"],"acf":[],"_links":{"self":[{"href":"https:\/\/fundacionincipe.com\/index.php\/wp-json\/wp\/v2\/tribe_events\/23238","targetHints":{"allow":["GET"]}}],"collection":[{"href":"https:\/\/fundacionincipe.com\/index.php\/wp-json\/wp\/v2\/tribe_events"}],"about":[{"href":"https:\/\/fundacionincipe.com\/index.php\/wp-json\/wp\/v2\/types\/tribe_events"}],"author":[{"embeddable":true,"href":"https:\/\/fundacionincipe.com\/index.php\/wp-json\/wp\/v2\/users\/3"}],"version-history":[{"count":1,"href":"https:\/\/fundacionincipe.com\/index.php\/wp-json\/wp\/v2\/tribe_events\/23238\/revisions"}],"predecessor-version":[{"id":23239,"href":"https:\/\/fundacionincipe.com\/index.php\/wp-json\/wp\/v2\/tribe_events\/23238\/revisions\/23239"}],"wp:attachment":[{"href":"https:\/\/fundacionincipe.com\/index.php\/wp-json\/wp\/v2\/media?parent=23238"}],"wp:term":[{"taxonomy":"post_tag","embeddable":true,"href":"https:\/\/fundacionincipe.com\/index.php\/wp-json\/wp\/v2\/tags?post=23238"},{"taxonomy":"tribe_events_cat","embeddable":true,"href":"https:\/\/fundacionincipe.com\/index.php\/wp-json\/wp\/v2\/tribe_events_cat?post=23238"}],"curies":[{"name":"wp","href":"https:\/\/api.w.org\/{rel}","templated":true}]}}

80.º periodo de sesiones de la Asamblea General de las Naciones Unidas (AGNU 80)

<p>Del 9 al 23 de septiembre de 2025, líderes de todo el mundo se reunirán en Nueva York para la 80.ª sesión de la Asamblea General de la ONU. Durante este periodo, se celebrará la Semana de Alto Nivel, con eventos clave sobre los Objetivos de Desarrollo Sostenible (ODS), salud global, energía y gobernanza mundial. Además, el 22 de septiembre se conmemorará el 80.º aniversario de la firma de la Carta de la ONU con una reunión de alto nivel de jefes de Estado y de Gobierno.</p>
