{"id":23234,"date":"2025-07-18T09:54:41","date_gmt":"2025-07-18T09:54:41","guid":{"rendered":"https:\/\/fundacionincipe.com\/?post_type=tribe_events&#038;p=23234"},"modified":"2025-07-18T09:54:41","modified_gmt":"2025-07-18T09:54:41","slug":"consejo-de-medioambiente","status":"publish","type":"tribe_events","link":"https:\/\/fundacionincipe.com\/index.php\/event\/consejo-de-medioambiente\/","title":{"rendered":"Consejo de Medioambiente"},"content":{"rendered":"","protected":false},"excerpt":{"rendered":"<p>Durante el Consejo, los miembros de la UE se re\u00fanen para adoptar una posici\u00f3n com\u00fan para la COP-30 (B\u00e9lem, Brasil) y se decidir\u00e1 el nuevo objetivo de reducci\u00f3n de emisiones para 2040.<\/p>\n","protected":false},"author":3,"featured_media":0,"template":"","meta":{"_acf_changed":false,"_tribe_events_status":"","_tribe_events_status_reason":"","footnotes":""},"tags":[],"tribe_events_cat":[105],"class_list":["post-23234","tribe_events","type-tribe_events","status-publish","hentry","tribe_events_cat-espanol","cat_espanol"],"acf":[],"_links":{"self":[{"href":"https:\/\/fundacionincipe.com\/index.php\/wp-json\/wp\/v2\/tribe_events\/23234","targetHints":{"allow":["GET"]}}],"collection":[{"href":"https:\/\/fundacionincipe.com\/index.php\/wp-json\/wp\/v2\/tribe_events"}],"about":[{"href":"https:\/\/fundacionincipe.com\/index.php\/wp-json\/wp\/v2\/types\/tribe_events"}],"author":[{"embeddable":true,"href":"https:\/\/fundacionincipe.com\/index.php\/wp-json\/wp\/v2\/users\/3"}],"version-history":[{"count":1,"href":"https:\/\/fundacionincipe.com\/index.php\/wp-json\/wp\/v2\/tribe_events\/23234\/revisions"}],"predecessor-version":[{"id":23235,"href":"https:\/\/fundacionincipe.com\/index.php\/wp-json\/wp\/v2\/tribe_events\/23234\/revisions\/23235"}],"wp:attachment":[{"href":"https:\/\/fundacionincipe.com\/index.php\/wp-json\/wp\/v2\/media?parent=23234"}],"wp:term":[{"taxonomy":"post_tag","embeddable":true,"href":"https:\/\/fundacionincipe.com\/index.php\/wp-json\/wp\/v2\/tags?post=23234"},{"taxonomy":"tribe_events_cat","embeddable":true,"href":"https:\/\/fundacionincipe.com\/index.php\/wp-json\/wp\/v2\/tribe_events_cat?post=23234"}],"curies":[{"name":"wp","href":"https:\/\/api.w.org\/{rel}","templated":true}]}}

<p>Durante el Consejo, los miembros de la UE se reúnen para adoptar una posición común para la COP-30 (Bélem, Brasil) y se decidirá el nuevo objetivo de reducción de emisiones para 2040.</p>
