{"id":23209,"date":"2025-07-18T09:28:45","date_gmt":"2025-07-18T09:28:45","guid":{"rendered":"https:\/\/fundacionincipe.com\/?post_type=tribe_events&#038;p=23209"},"modified":"2026-03-09T08:52:04","modified_gmt":"2026-03-09T08:52:04","slug":"dia-internacional-de-las-victimas-de-las-desapariciones-forzadas","status":"publish","type":"tribe_events","link":"https:\/\/fundacionincipe.com\/index.php\/event\/dia-internacional-de-las-victimas-de-las-desapariciones-forzadas\/","title":{"rendered":"D\u00eda Internacional de las V\u00edctimas de las Desapariciones Forzadas"},"content":{"rendered":"","protected":false},"excerpt":{"rendered":"<p>Cada 30 de agosto, se conmemora a las v\u00edctimas de desaparici\u00f3n forzada y se demanda verdad, justicia y reparaci\u00f3n.<\/p>\n","protected":false},"author":3,"featured_media":0,"template":"","meta":{"_acf_changed":false,"_tribe_events_status":"","_tribe_events_status_reason":"","footnotes":""},"tags":[],"tribe_events_cat":[105],"class_list":["post-23209","tribe_events","type-tribe_events","status-publish","hentry","tribe_events_cat-espanol","cat_espanol"],"acf":[],"_links":{"self":[{"href":"https:\/\/fundacionincipe.com\/index.php\/wp-json\/wp\/v2\/tribe_events\/23209","targetHints":{"allow":["GET"]}}],"collection":[{"href":"https:\/\/fundacionincipe.com\/index.php\/wp-json\/wp\/v2\/tribe_events"}],"about":[{"href":"https:\/\/fundacionincipe.com\/index.php\/wp-json\/wp\/v2\/types\/tribe_events"}],"author":[{"embeddable":true,"href":"https:\/\/fundacionincipe.com\/index.php\/wp-json\/wp\/v2\/users\/3"}],"version-history":[{"count":2,"href":"https:\/\/fundacionincipe.com\/index.php\/wp-json\/wp\/v2\/tribe_events\/23209\/revisions"}],"predecessor-version":[{"id":23599,"href":"https:\/\/fundacionincipe.com\/index.php\/wp-json\/wp\/v2\/tribe_events\/23209\/revisions\/23599"}],"wp:attachment":[{"href":"https:\/\/fundacionincipe.com\/index.php\/wp-json\/wp\/v2\/media?parent=23209"}],"wp:term":[{"taxonomy":"post_tag","embeddable":true,"href":"https:\/\/fundacionincipe.com\/index.php\/wp-json\/wp\/v2\/tags?post=23209"},{"taxonomy":"tribe_events_cat","embeddable":true,"href":"https:\/\/fundacionincipe.com\/index.php\/wp-json\/wp\/v2\/tribe_events_cat?post=23209"}],"curies":[{"name":"wp","href":"https:\/\/api.w.org\/{rel}","templated":true}]}}

Día Internacional de las Víctimas de las Desapariciones Forzadas

<p>Cada 30 de agosto, se conmemora a las víctimas de desaparición forzada y se demanda verdad, justicia y reparación.</p>
