{"id":23206,"date":"2025-07-18T09:25:16","date_gmt":"2025-07-18T09:25:16","guid":{"rendered":"https:\/\/fundacionincipe.com\/?post_type=tribe_events&#038;p=23206"},"modified":"2025-07-18T09:25:16","modified_gmt":"2025-07-18T09:25:16","slug":"9o-conferencia-internacional-de-tokio-sobre-el-desarrollo-de-africa","status":"publish","type":"tribe_events","link":"https:\/\/fundacionincipe.com\/index.php\/event\/9o-conferencia-internacional-de-tokio-sobre-el-desarrollo-de-africa\/","title":{"rendered":"9\u00ba Conferencia Internacional de Tokio sobre el Desarrollo de \u00c1frica"},"content":{"rendered":"","protected":false},"excerpt":{"rendered":"<p>Del 20 al 22 de agosto en Yokohama, Tokio, se celebra la Cumbre trienal co-presidida por Jap\u00f3n, Naciones Unidas, PNUD, el Banco Mundial y la Uni\u00f3n Africana que reunir\u00e1 a jefes de Estado africanos y socios para impulsar inversi\u00f3n sostenible, econom\u00eda verde-azul y transformaci\u00f3n digital.<\/p>\n","protected":false},"author":3,"featured_media":0,"template":"","meta":{"_acf_changed":false,"_tribe_events_status":"","_tribe_events_status_reason":"","footnotes":""},"tags":[],"tribe_events_cat":[105],"class_list":["post-23206","tribe_events","type-tribe_events","status-publish","hentry","tribe_events_cat-espanol","cat_espanol"],"acf":[],"_links":{"self":[{"href":"https:\/\/fundacionincipe.com\/index.php\/wp-json\/wp\/v2\/tribe_events\/23206","targetHints":{"allow":["GET"]}}],"collection":[{"href":"https:\/\/fundacionincipe.com\/index.php\/wp-json\/wp\/v2\/tribe_events"}],"about":[{"href":"https:\/\/fundacionincipe.com\/index.php\/wp-json\/wp\/v2\/types\/tribe_events"}],"author":[{"embeddable":true,"href":"https:\/\/fundacionincipe.com\/index.php\/wp-json\/wp\/v2\/users\/3"}],"version-history":[{"count":1,"href":"https:\/\/fundacionincipe.com\/index.php\/wp-json\/wp\/v2\/tribe_events\/23206\/revisions"}],"predecessor-version":[{"id":23207,"href":"https:\/\/fundacionincipe.com\/index.php\/wp-json\/wp\/v2\/tribe_events\/23206\/revisions\/23207"}],"wp:attachment":[{"href":"https:\/\/fundacionincipe.com\/index.php\/wp-json\/wp\/v2\/media?parent=23206"}],"wp:term":[{"taxonomy":"post_tag","embeddable":true,"href":"https:\/\/fundacionincipe.com\/index.php\/wp-json\/wp\/v2\/tags?post=23206"},{"taxonomy":"tribe_events_cat","embeddable":true,"href":"https:\/\/fundacionincipe.com\/index.php\/wp-json\/wp\/v2\/tribe_events_cat?post=23206"}],"curies":[{"name":"wp","href":"https:\/\/api.w.org\/{rel}","templated":true}]}}

9º Conferencia Internacional de Tokio sobre el Desarrollo de África

<p>Del 20 al 22 de agosto en Yokohama, Tokio, se celebra la Cumbre trienal co-presidida por Japón, Naciones Unidas, PNUD, el Banco Mundial y la Unión Africana que reunirá a jefes de Estado africanos y socios para impulsar inversión sostenible, economía verde-azul y transformación digital.</p>
