{"id":23185,"date":"2025-07-10T09:32:44","date_gmt":"2025-07-10T09:32:44","guid":{"rendered":"https:\/\/fundacionincipe.com\/?post_type=tribe_events&#038;p=23185"},"modified":"2025-07-10T09:32:44","modified_gmt":"2025-07-10T09:32:44","slug":"foro-de-las-islas-del-pacifico-forum-trade-ministers-meeting-ftmm","status":"publish","type":"tribe_events","link":"https:\/\/fundacionincipe.com\/index.php\/event\/foro-de-las-islas-del-pacifico-forum-trade-ministers-meeting-ftmm\/","title":{"rendered":"Foro de las Islas del Pac\u00edfico \/ Forum Trade Ministers Meeting (FTMM)"},"content":{"rendered":"","protected":false},"excerpt":{"rendered":"<p>el 15 al 17 de julio, en Suva (Fiyi), los ministros de Comercio de los 18 pa\u00edses miembros abordar\u00e1n el Acuerdo de Libre Comercio del Pac\u00edfico y analizar\u00e1n la resiliencia de las cadenas de suministro regionales.<\/p>\n","protected":false},"author":3,"featured_media":0,"template":"","meta":{"_acf_changed":false,"_tribe_events_status":"","_tribe_events_status_reason":"","footnotes":""},"tags":[],"tribe_events_cat":[105],"class_list":["post-23185","tribe_events","type-tribe_events","status-publish","hentry","tribe_events_cat-espanol","cat_espanol"],"acf":[],"_links":{"self":[{"href":"https:\/\/fundacionincipe.com\/index.php\/wp-json\/wp\/v2\/tribe_events\/23185","targetHints":{"allow":["GET"]}}],"collection":[{"href":"https:\/\/fundacionincipe.com\/index.php\/wp-json\/wp\/v2\/tribe_events"}],"about":[{"href":"https:\/\/fundacionincipe.com\/index.php\/wp-json\/wp\/v2\/types\/tribe_events"}],"author":[{"embeddable":true,"href":"https:\/\/fundacionincipe.com\/index.php\/wp-json\/wp\/v2\/users\/3"}],"version-history":[{"count":1,"href":"https:\/\/fundacionincipe.com\/index.php\/wp-json\/wp\/v2\/tribe_events\/23185\/revisions"}],"predecessor-version":[{"id":23186,"href":"https:\/\/fundacionincipe.com\/index.php\/wp-json\/wp\/v2\/tribe_events\/23185\/revisions\/23186"}],"wp:attachment":[{"href":"https:\/\/fundacionincipe.com\/index.php\/wp-json\/wp\/v2\/media?parent=23185"}],"wp:term":[{"taxonomy":"post_tag","embeddable":true,"href":"https:\/\/fundacionincipe.com\/index.php\/wp-json\/wp\/v2\/tags?post=23185"},{"taxonomy":"tribe_events_cat","embeddable":true,"href":"https:\/\/fundacionincipe.com\/index.php\/wp-json\/wp\/v2\/tribe_events_cat?post=23185"}],"curies":[{"name":"wp","href":"https:\/\/api.w.org\/{rel}","templated":true}]}}

Foro de las Islas del Pacífico / Forum Trade Ministers Meeting (FTMM)

<p>el 15 al 17 de julio, en Suva (Fiyi), los ministros de Comercio de los 18 países miembros abordarán el Acuerdo de Libre Comercio del Pacífico y analizarán la resiliencia de las cadenas de suministro regionales.</p>
