{"id":23183,"date":"2025-07-10T09:21:40","date_gmt":"2025-07-10T09:21:40","guid":{"rendered":"https:\/\/fundacionincipe.com\/?post_type=tribe_events&#038;p=23183"},"modified":"2025-07-10T09:21:40","modified_gmt":"2025-07-10T09:21:40","slug":"reuniones-de-ministros-de-finanzas-y-gobernadores-de-bancos-centrales-del-g20","status":"publish","type":"tribe_events","link":"https:\/\/fundacionincipe.com\/index.php\/event\/reuniones-de-ministros-de-finanzas-y-gobernadores-de-bancos-centrales-del-g20\/","title":{"rendered":"Reuniones de Ministros de Finanzas y Gobernadores de Bancos Centrales del G20"},"content":{"rendered":"","protected":false},"excerpt":{"rendered":"<p>Los d\u00edas 17 y 18 de julio, Ballito (Sud\u00e1frica) acoger\u00e1 la reuni\u00f3n de los responsables de finanzas del G20, que debatir\u00e1n sobre el alivio de la deuda, la reforma de los bancos multilaterales y la fiscalidad digital, bajo la presidencia sudafricana del grupo.<\/p>\n","protected":false},"author":3,"featured_media":0,"template":"","meta":{"_acf_changed":false,"_tribe_events_status":"","_tribe_events_status_reason":"","footnotes":""},"tags":[],"tribe_events_cat":[105],"class_list":["post-23183","tribe_events","type-tribe_events","status-publish","hentry","tribe_events_cat-espanol","cat_espanol"],"acf":[],"_links":{"self":[{"href":"https:\/\/fundacionincipe.com\/index.php\/wp-json\/wp\/v2\/tribe_events\/23183","targetHints":{"allow":["GET"]}}],"collection":[{"href":"https:\/\/fundacionincipe.com\/index.php\/wp-json\/wp\/v2\/tribe_events"}],"about":[{"href":"https:\/\/fundacionincipe.com\/index.php\/wp-json\/wp\/v2\/types\/tribe_events"}],"author":[{"embeddable":true,"href":"https:\/\/fundacionincipe.com\/index.php\/wp-json\/wp\/v2\/users\/3"}],"version-history":[{"count":1,"href":"https:\/\/fundacionincipe.com\/index.php\/wp-json\/wp\/v2\/tribe_events\/23183\/revisions"}],"predecessor-version":[{"id":23184,"href":"https:\/\/fundacionincipe.com\/index.php\/wp-json\/wp\/v2\/tribe_events\/23183\/revisions\/23184"}],"wp:attachment":[{"href":"https:\/\/fundacionincipe.com\/index.php\/wp-json\/wp\/v2\/media?parent=23183"}],"wp:term":[{"taxonomy":"post_tag","embeddable":true,"href":"https:\/\/fundacionincipe.com\/index.php\/wp-json\/wp\/v2\/tags?post=23183"},{"taxonomy":"tribe_events_cat","embeddable":true,"href":"https:\/\/fundacionincipe.com\/index.php\/wp-json\/wp\/v2\/tribe_events_cat?post=23183"}],"curies":[{"name":"wp","href":"https:\/\/api.w.org\/{rel}","templated":true}]}}

<p>Los días 17 y 18 de julio, Ballito (Sudáfrica) acogerá la reunión de los responsables de finanzas del G20, que debatirán sobre el alivio de la deuda, la reforma de los bancos multilaterales y la fiscalidad digital, bajo la presidencia sudafricana del grupo.</p>
