{"id":22965,"date":"2025-05-29T10:37:39","date_gmt":"2025-05-29T10:37:39","guid":{"rendered":"https:\/\/fundacionincipe.com\/?post_type=tribe_events&#038;p=22965"},"modified":"2025-07-10T09:41:28","modified_gmt":"2025-07-10T09:41:28","slug":"feria-internacional-de-la-industria-de-defensa-en-turquia","status":"publish","type":"tribe_events","link":"https:\/\/fundacionincipe.com\/index.php\/event\/feria-internacional-de-la-industria-de-defensa-en-turquia\/","title":{"rendered":"Feria Internacional de la Industria de Defensa en Turqu\u00eda"},"content":{"rendered":"","protected":false},"excerpt":{"rendered":"<p>Del 22 al 27 de julio, en el Istanbul Expo Center (Estambul), la 17\u00aa Feria Internacional de la Industria de Defensa \u2013 IDEF 2025 reunir\u00e1 a empresas del sector, delegaciones militares y organismos oficiales para mostrar las \u00faltimas tecnolog\u00edas en defensa terrestre, naval, aeroespacial y de seguridad. El evento est\u00e1 organizado por la Fundaci\u00f3n de las Fuerzas Armadas Turcas, con el apoyo del Ministerio de Defensa Nacional de Turqu\u00eda.<\/p>\n","protected":false},"author":3,"featured_media":0,"template":"","meta":{"_acf_changed":false,"_tribe_events_status":"","_tribe_events_status_reason":"","footnotes":""},"tags":[],"tribe_events_cat":[105],"class_list":["post-22965","tribe_events","type-tribe_events","status-publish","hentry","tribe_events_cat-espanol","cat_espanol"],"acf":[],"_links":{"self":[{"href":"https:\/\/fundacionincipe.com\/index.php\/wp-json\/wp\/v2\/tribe_events\/22965","targetHints":{"allow":["GET"]}}],"collection":[{"href":"https:\/\/fundacionincipe.com\/index.php\/wp-json\/wp\/v2\/tribe_events"}],"about":[{"href":"https:\/\/fundacionincipe.com\/index.php\/wp-json\/wp\/v2\/types\/tribe_events"}],"author":[{"embeddable":true,"href":"https:\/\/fundacionincipe.com\/index.php\/wp-json\/wp\/v2\/users\/3"}],"version-history":[{"count":2,"href":"https:\/\/fundacionincipe.com\/index.php\/wp-json\/wp\/v2\/tribe_events\/22965\/revisions"}],"predecessor-version":[{"id":23188,"href":"https:\/\/fundacionincipe.com\/index.php\/wp-json\/wp\/v2\/tribe_events\/22965\/revisions\/23188"}],"wp:attachment":[{"href":"https:\/\/fundacionincipe.com\/index.php\/wp-json\/wp\/v2\/media?parent=22965"}],"wp:term":[{"taxonomy":"post_tag","embeddable":true,"href":"https:\/\/fundacionincipe.com\/index.php\/wp-json\/wp\/v2\/tags?post=22965"},{"taxonomy":"tribe_events_cat","embeddable":true,"href":"https:\/\/fundacionincipe.com\/index.php\/wp-json\/wp\/v2\/tribe_events_cat?post=22965"}],"curies":[{"name":"wp","href":"https:\/\/api.w.org\/{rel}","templated":true}]}}

Feria Internacional de la Industria de Defensa en Turquía

<p>Del 22 al 27 de julio, en el Istanbul Expo Center (Estambul), la 17ª Feria Internacional de la Industria de Defensa – IDEF 2025 reunirá a empresas del sector, delegaciones militares y organismos oficiales para mostrar las últimas tecnologías en defensa terrestre, naval, aeroespacial y de seguridad. El evento está organizado por la Fundación de las Fuerzas Armadas Turcas, con el apoyo del Ministerio de Defensa Nacional de Turquía.</p>
