{"id":22961,"date":"2025-05-29T10:36:34","date_gmt":"2025-05-29T10:36:34","guid":{"rendered":"https:\/\/fundacionincipe.com\/?post_type=tribe_events&#038;p=22961"},"modified":"2025-07-10T09:34:15","modified_gmt":"2025-07-10T09:34:15","slug":"80o-aniversario-de-la-conferencia-de-potsdam","status":"publish","type":"tribe_events","link":"https:\/\/fundacionincipe.com\/index.php\/event\/80o-aniversario-de-la-conferencia-de-potsdam\/","title":{"rendered":"80\u00ba aniversario de la Conferencia de Potsdam"},"content":{"rendered":"","protected":false},"excerpt":{"rendered":"<p>Este a\u00f1o se conmemora el 80\u00ba aniversario de la Conferencia de Potsdam (17 de julio-2 de agosto de 1945, Potsdam, Alemania), la \u00faltima gran reuni\u00f3n de los l\u00edderes aliados durante la Segunda Guerra Mundial. Con la participaci\u00f3n de Truman (EE. UU.), Stalin (URSS) y Churchill (Reino Unido), la conferencia marc\u00f3 la reorganizaci\u00f3n pol\u00edtica y territorial de Europa y sent\u00f3 las bases del nuevo orden mundial.<\/p>\n","protected":false},"author":3,"featured_media":0,"template":"","meta":{"_acf_changed":false,"_tribe_events_status":"","_tribe_events_status_reason":"","footnotes":""},"tags":[],"tribe_events_cat":[105],"class_list":["post-22961","tribe_events","type-tribe_events","status-publish","hentry","tribe_events_cat-espanol","cat_espanol"],"acf":[],"_links":{"self":[{"href":"https:\/\/fundacionincipe.com\/index.php\/wp-json\/wp\/v2\/tribe_events\/22961","targetHints":{"allow":["GET"]}}],"collection":[{"href":"https:\/\/fundacionincipe.com\/index.php\/wp-json\/wp\/v2\/tribe_events"}],"about":[{"href":"https:\/\/fundacionincipe.com\/index.php\/wp-json\/wp\/v2\/types\/tribe_events"}],"author":[{"embeddable":true,"href":"https:\/\/fundacionincipe.com\/index.php\/wp-json\/wp\/v2\/users\/3"}],"version-history":[{"count":2,"href":"https:\/\/fundacionincipe.com\/index.php\/wp-json\/wp\/v2\/tribe_events\/22961\/revisions"}],"predecessor-version":[{"id":23187,"href":"https:\/\/fundacionincipe.com\/index.php\/wp-json\/wp\/v2\/tribe_events\/22961\/revisions\/23187"}],"wp:attachment":[{"href":"https:\/\/fundacionincipe.com\/index.php\/wp-json\/wp\/v2\/media?parent=22961"}],"wp:term":[{"taxonomy":"post_tag","embeddable":true,"href":"https:\/\/fundacionincipe.com\/index.php\/wp-json\/wp\/v2\/tags?post=22961"},{"taxonomy":"tribe_events_cat","embeddable":true,"href":"https:\/\/fundacionincipe.com\/index.php\/wp-json\/wp\/v2\/tribe_events_cat?post=22961"}],"curies":[{"name":"wp","href":"https:\/\/api.w.org\/{rel}","templated":true}]}}

80º aniversario de la Conferencia de Potsdam

<p>Este año se conmemora el 80º aniversario de la Conferencia de Potsdam (17 de julio-2 de agosto de 1945, Potsdam, Alemania), la última gran reunión de los líderes aliados durante la Segunda Guerra Mundial. Con la participación de Truman (EE. UU.), Stalin (URSS) y Churchill (Reino Unido), la conferencia marcó la reorganización política y territorial de Europa y sentó las bases del nuevo orden mundial.</p>
