{"id":22784,"date":"2025-05-07T11:50:34","date_gmt":"2025-05-07T11:50:34","guid":{"rendered":"https:\/\/fundacionincipe.com\/?post_type=tribe_events&#038;p=22784"},"modified":"2025-05-07T11:50:34","modified_gmt":"2025-05-07T11:50:34","slug":"dia-internacional-de-conmemoracion-y-homenaje-a-las-victimas-del-terrorismo","status":"publish","type":"tribe_events","link":"https:\/\/fundacionincipe.com\/index.php\/event\/dia-internacional-de-conmemoracion-y-homenaje-a-las-victimas-del-terrorismo\/","title":{"rendered":"D\u00eda Internacional de Conmemoraci\u00f3n y Homenaje a las V\u00edctimas del Terrorismo"},"content":{"rendered":"","protected":false},"excerpt":{"rendered":"","protected":false},"author":3,"featured_media":0,"template":"","meta":{"_acf_changed":false,"_tribe_events_status":"","_tribe_events_status_reason":"","footnotes":""},"tags":[],"tribe_events_cat":[105],"class_list":["post-22784","tribe_events","type-tribe_events","status-publish","hentry","tribe_events_cat-espanol","cat_espanol"],"acf":[],"_links":{"self":[{"href":"https:\/\/fundacionincipe.com\/index.php\/wp-json\/wp\/v2\/tribe_events\/22784","targetHints":{"allow":["GET"]}}],"collection":[{"href":"https:\/\/fundacionincipe.com\/index.php\/wp-json\/wp\/v2\/tribe_events"}],"about":[{"href":"https:\/\/fundacionincipe.com\/index.php\/wp-json\/wp\/v2\/types\/tribe_events"}],"author":[{"embeddable":true,"href":"https:\/\/fundacionincipe.com\/index.php\/wp-json\/wp\/v2\/users\/3"}],"version-history":[{"count":1,"href":"https:\/\/fundacionincipe.com\/index.php\/wp-json\/wp\/v2\/tribe_events\/22784\/revisions"}],"predecessor-version":[{"id":22785,"href":"https:\/\/fundacionincipe.com\/index.php\/wp-json\/wp\/v2\/tribe_events\/22784\/revisions\/22785"}],"wp:attachment":[{"href":"https:\/\/fundacionincipe.com\/index.php\/wp-json\/wp\/v2\/media?parent=22784"}],"wp:term":[{"taxonomy":"post_tag","embeddable":true,"href":"https:\/\/fundacionincipe.com\/index.php\/wp-json\/wp\/v2\/tags?post=22784"},{"taxonomy":"tribe_events_cat","embeddable":true,"href":"https:\/\/fundacionincipe.com\/index.php\/wp-json\/wp\/v2\/tribe_events_cat?post=22784"}],"curies":[{"name":"wp","href":"https:\/\/api.w.org\/{rel}","templated":true}]}}

Día Internacional de Conmemoración y Homenaje a las Víctimas del Terrorismo
