{"id":22774,"date":"2025-05-07T11:47:52","date_gmt":"2025-05-07T11:47:52","guid":{"rendered":"https:\/\/fundacionincipe.com\/?post_type=tribe_events&#038;p=22774"},"modified":"2025-07-18T09:23:01","modified_gmt":"2025-07-18T09:23:01","slug":"elecciones-generales-de-bolivia","status":"publish","type":"tribe_events","link":"https:\/\/fundacionincipe.com\/index.php\/event\/elecciones-generales-de-bolivia\/","title":{"rendered":"Elecciones generales de Bolivia"},"content":{"rendered":"","protected":false},"excerpt":{"rendered":"<p>El 17 de agosto se elegir\u00e1 presidente, vicepresidente y la renovaci\u00f3n total de la Asamblea Legislativa Plurinacional (130 diputados y 36 senadores). Si ning\u00fan candidato logra el 50% de los votos, habr\u00e1 segunda vuelta el 19 de octubre. <\/p>\n","protected":false},"author":3,"featured_media":0,"template":"","meta":{"_acf_changed":false,"_tribe_events_status":"","_tribe_events_status_reason":"","footnotes":""},"tags":[],"tribe_events_cat":[105],"class_list":["post-22774","tribe_events","type-tribe_events","status-publish","hentry","tribe_events_cat-espanol","cat_espanol"],"acf":[],"_links":{"self":[{"href":"https:\/\/fundacionincipe.com\/index.php\/wp-json\/wp\/v2\/tribe_events\/22774","targetHints":{"allow":["GET"]}}],"collection":[{"href":"https:\/\/fundacionincipe.com\/index.php\/wp-json\/wp\/v2\/tribe_events"}],"about":[{"href":"https:\/\/fundacionincipe.com\/index.php\/wp-json\/wp\/v2\/types\/tribe_events"}],"author":[{"embeddable":true,"href":"https:\/\/fundacionincipe.com\/index.php\/wp-json\/wp\/v2\/users\/3"}],"version-history":[{"count":3,"href":"https:\/\/fundacionincipe.com\/index.php\/wp-json\/wp\/v2\/tribe_events\/22774\/revisions"}],"predecessor-version":[{"id":23204,"href":"https:\/\/fundacionincipe.com\/index.php\/wp-json\/wp\/v2\/tribe_events\/22774\/revisions\/23204"}],"wp:attachment":[{"href":"https:\/\/fundacionincipe.com\/index.php\/wp-json\/wp\/v2\/media?parent=22774"}],"wp:term":[{"taxonomy":"post_tag","embeddable":true,"href":"https:\/\/fundacionincipe.com\/index.php\/wp-json\/wp\/v2\/tags?post=22774"},{"taxonomy":"tribe_events_cat","embeddable":true,"href":"https:\/\/fundacionincipe.com\/index.php\/wp-json\/wp\/v2\/tribe_events_cat?post=22774"}],"curies":[{"name":"wp","href":"https:\/\/api.w.org\/{rel}","templated":true}]}}

<p>El 17 de agosto se elegirá presidente, vicepresidente y la renovación total de la Asamblea Legislativa Plurinacional (130 diputados y 36 senadores). Si ningún candidato logra el 50% de los votos, habrá segunda vuelta el 19 de octubre. </p>
