{"id":22770,"date":"2025-05-07T11:45:14","date_gmt":"2025-05-07T11:45:14","guid":{"rendered":"https:\/\/fundacionincipe.com\/?post_type=tribe_events&#038;p=22770"},"modified":"2025-07-18T09:21:17","modified_gmt":"2025-07-18T09:21:17","slug":"dia-internacional-de-los-pueblos-indigenas","status":"publish","type":"tribe_events","link":"https:\/\/fundacionincipe.com\/index.php\/event\/dia-internacional-de-los-pueblos-indigenas\/","title":{"rendered":"D\u00eda Internacional de los Pueblos Ind\u00edgenas"},"content":{"rendered":"","protected":false},"excerpt":{"rendered":"<p>Cada a\u00f1o Naciones Unidas visibiliza los derechos y aportes de los pueblos ind\u00edgenas. La edici\u00f3n 2025 girar\u00e1 en torno al derecho a la autodeterminaci\u00f3n como v\u00eda hacia la seguridad alimentaria, soberan\u00eda y conservaci\u00f3n de la biodiversidad.<\/p>\n","protected":false},"author":3,"featured_media":0,"template":"","meta":{"_acf_changed":false,"_tribe_events_status":"","_tribe_events_status_reason":"","footnotes":""},"tags":[],"tribe_events_cat":[105],"class_list":["post-22770","tribe_events","type-tribe_events","status-publish","hentry","tribe_events_cat-espanol","cat_espanol"],"acf":[],"_links":{"self":[{"href":"https:\/\/fundacionincipe.com\/index.php\/wp-json\/wp\/v2\/tribe_events\/22770","targetHints":{"allow":["GET"]}}],"collection":[{"href":"https:\/\/fundacionincipe.com\/index.php\/wp-json\/wp\/v2\/tribe_events"}],"about":[{"href":"https:\/\/fundacionincipe.com\/index.php\/wp-json\/wp\/v2\/types\/tribe_events"}],"author":[{"embeddable":true,"href":"https:\/\/fundacionincipe.com\/index.php\/wp-json\/wp\/v2\/users\/3"}],"version-history":[{"count":2,"href":"https:\/\/fundacionincipe.com\/index.php\/wp-json\/wp\/v2\/tribe_events\/22770\/revisions"}],"predecessor-version":[{"id":23202,"href":"https:\/\/fundacionincipe.com\/index.php\/wp-json\/wp\/v2\/tribe_events\/22770\/revisions\/23202"}],"wp:attachment":[{"href":"https:\/\/fundacionincipe.com\/index.php\/wp-json\/wp\/v2\/media?parent=22770"}],"wp:term":[{"taxonomy":"post_tag","embeddable":true,"href":"https:\/\/fundacionincipe.com\/index.php\/wp-json\/wp\/v2\/tags?post=22770"},{"taxonomy":"tribe_events_cat","embeddable":true,"href":"https:\/\/fundacionincipe.com\/index.php\/wp-json\/wp\/v2\/tribe_events_cat?post=22770"}],"curies":[{"name":"wp","href":"https:\/\/api.w.org\/{rel}","templated":true}]}}

Día Internacional de los Pueblos Indígenas

<p>Cada año Naciones Unidas visibiliza los derechos y aportes de los pueblos indígenas. La edición 2025 girará en torno al derecho a la autodeterminación como vía hacia la seguridad alimentaria, soberanía y conservación de la biodiversidad.</p>
