{"id":22761,"date":"2025-05-07T11:30:51","date_gmt":"2025-05-07T11:30:51","guid":{"rendered":"https:\/\/fundacionincipe.com\/?post_type=tribe_events&#038;p=22761"},"modified":"2025-05-07T11:30:51","modified_gmt":"2025-05-07T11:30:51","slug":"cumbre-de-los-brics","status":"publish","type":"tribe_events","link":"https:\/\/fundacionincipe.com\/index.php\/event\/cumbre-de-los-brics\/","title":{"rendered":"Cumbre de los BRICS"},"content":{"rendered":"","protected":false},"excerpt":{"rendered":"<p>R\u00edo de Janeiro, Brasil, acoger\u00e1 la Cumbre de los BRICS los d\u00edas 6 y 7 de julio, en la que participar\u00e1n los jefes de Estado del grupo, as\u00ed como de pa\u00edses socios como Bielorrusia, Nigeria y Malasia. El encuentro se enfocar\u00e1 en temas clave como la modernizaci\u00f3n de la gobernanza, la financiaci\u00f3n clim\u00e1tica y la lucha contra la pobreza.<\/p>\n","protected":false},"author":3,"featured_media":0,"template":"","meta":{"_acf_changed":false,"_tribe_events_status":"","_tribe_events_status_reason":"","footnotes":""},"tags":[],"tribe_events_cat":[105],"class_list":["post-22761","tribe_events","type-tribe_events","status-publish","hentry","tribe_events_cat-espanol","cat_espanol"],"acf":[],"_links":{"self":[{"href":"https:\/\/fundacionincipe.com\/index.php\/wp-json\/wp\/v2\/tribe_events\/22761","targetHints":{"allow":["GET"]}}],"collection":[{"href":"https:\/\/fundacionincipe.com\/index.php\/wp-json\/wp\/v2\/tribe_events"}],"about":[{"href":"https:\/\/fundacionincipe.com\/index.php\/wp-json\/wp\/v2\/types\/tribe_events"}],"author":[{"embeddable":true,"href":"https:\/\/fundacionincipe.com\/index.php\/wp-json\/wp\/v2\/users\/3"}],"version-history":[{"count":1,"href":"https:\/\/fundacionincipe.com\/index.php\/wp-json\/wp\/v2\/tribe_events\/22761\/revisions"}],"predecessor-version":[{"id":22762,"href":"https:\/\/fundacionincipe.com\/index.php\/wp-json\/wp\/v2\/tribe_events\/22761\/revisions\/22762"}],"wp:attachment":[{"href":"https:\/\/fundacionincipe.com\/index.php\/wp-json\/wp\/v2\/media?parent=22761"}],"wp:term":[{"taxonomy":"post_tag","embeddable":true,"href":"https:\/\/fundacionincipe.com\/index.php\/wp-json\/wp\/v2\/tags?post=22761"},{"taxonomy":"tribe_events_cat","embeddable":true,"href":"https:\/\/fundacionincipe.com\/index.php\/wp-json\/wp\/v2\/tribe_events_cat?post=22761"}],"curies":[{"name":"wp","href":"https:\/\/api.w.org\/{rel}","templated":true}]}}

<p>Río de Janeiro, Brasil, acogerá la Cumbre de los BRICS los días 6 y 7 de julio, en la que participarán los jefes de Estado del grupo, así como de países socios como Bielorrusia, Nigeria y Malasia. El encuentro se enfocará en temas clave como la modernización de la gobernanza, la financiación climática y la lucha contra la pobreza.</p>
