{"id":22757,"date":"2025-05-07T11:25:34","date_gmt":"2025-05-07T11:25:34","guid":{"rendered":"https:\/\/fundacionincipe.com\/?post_type=tribe_events&#038;p=22757"},"modified":"2025-05-07T11:25:34","modified_gmt":"2025-05-07T11:25:34","slug":"cumbre-de-la-otan","status":"publish","type":"tribe_events","link":"https:\/\/fundacionincipe.com\/index.php\/event\/cumbre-de-la-otan\/","title":{"rendered":"Cumbre de la OTAN"},"content":{"rendered":"","protected":false},"excerpt":{"rendered":"<p>Durante la Cumbre de la OTAN en La Haya, que se celebrar\u00e1 el 24 y 25 de junio de 2025, se discutir\u00e1n cuestiones clave sobre defensa, financiaci\u00f3n y la adaptaci\u00f3n de la Alianza Atl\u00e1ntica a los nuevos desaf\u00edos del panorama internacional.<\/p>\n","protected":false},"author":3,"featured_media":0,"template":"","meta":{"_acf_changed":false,"_tribe_events_status":"","_tribe_events_status_reason":"","footnotes":""},"tags":[],"tribe_events_cat":[105],"class_list":["post-22757","tribe_events","type-tribe_events","status-publish","hentry","tribe_events_cat-espanol","cat_espanol"],"acf":[],"_links":{"self":[{"href":"https:\/\/fundacionincipe.com\/index.php\/wp-json\/wp\/v2\/tribe_events\/22757","targetHints":{"allow":["GET"]}}],"collection":[{"href":"https:\/\/fundacionincipe.com\/index.php\/wp-json\/wp\/v2\/tribe_events"}],"about":[{"href":"https:\/\/fundacionincipe.com\/index.php\/wp-json\/wp\/v2\/types\/tribe_events"}],"author":[{"embeddable":true,"href":"https:\/\/fundacionincipe.com\/index.php\/wp-json\/wp\/v2\/users\/3"}],"version-history":[{"count":1,"href":"https:\/\/fundacionincipe.com\/index.php\/wp-json\/wp\/v2\/tribe_events\/22757\/revisions"}],"predecessor-version":[{"id":22758,"href":"https:\/\/fundacionincipe.com\/index.php\/wp-json\/wp\/v2\/tribe_events\/22757\/revisions\/22758"}],"wp:attachment":[{"href":"https:\/\/fundacionincipe.com\/index.php\/wp-json\/wp\/v2\/media?parent=22757"}],"wp:term":[{"taxonomy":"post_tag","embeddable":true,"href":"https:\/\/fundacionincipe.com\/index.php\/wp-json\/wp\/v2\/tags?post=22757"},{"taxonomy":"tribe_events_cat","embeddable":true,"href":"https:\/\/fundacionincipe.com\/index.php\/wp-json\/wp\/v2\/tribe_events_cat?post=22757"}],"curies":[{"name":"wp","href":"https:\/\/api.w.org\/{rel}","templated":true}]}}

<p>Durante la Cumbre de la OTAN en La Haya, que se celebrará el 24 y 25 de junio de 2025, se discutirán cuestiones clave sobre defensa, financiación y la adaptación de la Alianza Atlántica a los nuevos desafíos del panorama internacional.</p>
