{"id":22749,"date":"2025-05-07T11:18:19","date_gmt":"2025-05-07T11:18:19","guid":{"rendered":"https:\/\/fundacionincipe.com\/?post_type=tribe_events&#038;p=22749"},"modified":"2025-05-07T11:18:19","modified_gmt":"2025-05-07T11:18:19","slug":"cumbre-del-g7","status":"publish","type":"tribe_events","link":"https:\/\/fundacionincipe.com\/index.php\/event\/cumbre-del-g7\/","title":{"rendered":"Cumbre del G7"},"content":{"rendered":"","protected":false},"excerpt":{"rendered":"<p>Del 15 al 17 de junio, se celebrar\u00e1 en Kananaskis, Canad\u00e1, la Cumbre del G7 con la participaci\u00f3n de Estados Unidos, Canad\u00e1, Reino Unido, Francia, Alemania, Italia y Jap\u00f3n.<\/p>\n","protected":false},"author":3,"featured_media":0,"template":"","meta":{"_acf_changed":false,"_tribe_events_status":"","_tribe_events_status_reason":"","footnotes":""},"tags":[],"tribe_events_cat":[105],"class_list":["post-22749","tribe_events","type-tribe_events","status-publish","hentry","tribe_events_cat-espanol","cat_espanol"],"acf":[],"_links":{"self":[{"href":"https:\/\/fundacionincipe.com\/index.php\/wp-json\/wp\/v2\/tribe_events\/22749","targetHints":{"allow":["GET"]}}],"collection":[{"href":"https:\/\/fundacionincipe.com\/index.php\/wp-json\/wp\/v2\/tribe_events"}],"about":[{"href":"https:\/\/fundacionincipe.com\/index.php\/wp-json\/wp\/v2\/types\/tribe_events"}],"author":[{"embeddable":true,"href":"https:\/\/fundacionincipe.com\/index.php\/wp-json\/wp\/v2\/users\/3"}],"version-history":[{"count":1,"href":"https:\/\/fundacionincipe.com\/index.php\/wp-json\/wp\/v2\/tribe_events\/22749\/revisions"}],"predecessor-version":[{"id":22750,"href":"https:\/\/fundacionincipe.com\/index.php\/wp-json\/wp\/v2\/tribe_events\/22749\/revisions\/22750"}],"wp:attachment":[{"href":"https:\/\/fundacionincipe.com\/index.php\/wp-json\/wp\/v2\/media?parent=22749"}],"wp:term":[{"taxonomy":"post_tag","embeddable":true,"href":"https:\/\/fundacionincipe.com\/index.php\/wp-json\/wp\/v2\/tags?post=22749"},{"taxonomy":"tribe_events_cat","embeddable":true,"href":"https:\/\/fundacionincipe.com\/index.php\/wp-json\/wp\/v2\/tribe_events_cat?post=22749"}],"curies":[{"name":"wp","href":"https:\/\/api.w.org\/{rel}","templated":true}]}}

<p>Del 15 al 17 de junio, se celebrará en Kananaskis, Canadá, la Cumbre del G7 con la participación de Estados Unidos, Canadá, Reino Unido, Francia, Alemania, Italia y Japón.</p>
