{"id":22745,"date":"2025-05-07T11:12:24","date_gmt":"2025-05-07T11:12:24","guid":{"rendered":"https:\/\/fundacionincipe.com\/?post_type=tribe_events&#038;p=22745"},"modified":"2025-05-07T11:12:24","modified_gmt":"2025-05-07T11:12:24","slug":"dia-del-medio-ambiente","status":"publish","type":"tribe_events","link":"https:\/\/fundacionincipe.com\/index.php\/event\/dia-del-medio-ambiente\/","title":{"rendered":"D\u00eda del Medio Ambiente"},"content":{"rendered":"","protected":false},"excerpt":{"rendered":"<p> Este a\u00f1o, Corea del Sur acoge y organiza esta conmemoraci\u00f3n impulsada por las Naciones Unidas, centrada en fomentar la conciencia y la acci\u00f3n global por el medio ambiente.<\/p>\n","protected":false},"author":3,"featured_media":0,"template":"","meta":{"_acf_changed":false,"_tribe_events_status":"","_tribe_events_status_reason":"","footnotes":""},"tags":[],"tribe_events_cat":[105],"class_list":["post-22745","tribe_events","type-tribe_events","status-publish","hentry","tribe_events_cat-espanol","cat_espanol"],"acf":[],"_links":{"self":[{"href":"https:\/\/fundacionincipe.com\/index.php\/wp-json\/wp\/v2\/tribe_events\/22745","targetHints":{"allow":["GET"]}}],"collection":[{"href":"https:\/\/fundacionincipe.com\/index.php\/wp-json\/wp\/v2\/tribe_events"}],"about":[{"href":"https:\/\/fundacionincipe.com\/index.php\/wp-json\/wp\/v2\/types\/tribe_events"}],"author":[{"embeddable":true,"href":"https:\/\/fundacionincipe.com\/index.php\/wp-json\/wp\/v2\/users\/3"}],"version-history":[{"count":1,"href":"https:\/\/fundacionincipe.com\/index.php\/wp-json\/wp\/v2\/tribe_events\/22745\/revisions"}],"predecessor-version":[{"id":22746,"href":"https:\/\/fundacionincipe.com\/index.php\/wp-json\/wp\/v2\/tribe_events\/22745\/revisions\/22746"}],"wp:attachment":[{"href":"https:\/\/fundacionincipe.com\/index.php\/wp-json\/wp\/v2\/media?parent=22745"}],"wp:term":[{"taxonomy":"post_tag","embeddable":true,"href":"https:\/\/fundacionincipe.com\/index.php\/wp-json\/wp\/v2\/tags?post=22745"},{"taxonomy":"tribe_events_cat","embeddable":true,"href":"https:\/\/fundacionincipe.com\/index.php\/wp-json\/wp\/v2\/tribe_events_cat?post=22745"}],"curies":[{"name":"wp","href":"https:\/\/api.w.org\/{rel}","templated":true}]}}

Día del Medio Ambiente

<p> Este año, Corea del Sur acoge y organiza esta conmemoración impulsada por las Naciones Unidas, centrada en fomentar la conciencia y la acción global por el medio ambiente.</p>
