{"id":19919,"date":"2025-01-28T13:35:22","date_gmt":"2025-01-28T13:35:22","guid":{"rendered":"https:\/\/fundacionincipe.com\/?post_type=tribe_events&#038;p=19919"},"modified":"2025-01-28T13:35:22","modified_gmt":"2025-01-28T13:35:22","slug":"consejo-de-asuntos-exteriores-bruselas-2","status":"publish","type":"tribe_events","link":"https:\/\/fundacionincipe.com\/index.php\/event\/consejo-de-asuntos-exteriores-bruselas-2\/","title":{"rendered":"Consejo de Asuntos Exteriores, Bruselas"},"content":{"rendered":"","protected":false},"excerpt":{"rendered":"<p>En esta reuni\u00f3n, los ministros de Asuntos Exteriores de los pa\u00edses miembros de la UE abordar\u00e1n una serie de temas clave en pol\u00edtica exterior y seguridad<\/p>\n","protected":false},"author":3,"featured_media":0,"template":"","meta":{"_acf_changed":false,"_tribe_events_status":"","_tribe_events_status_reason":"","footnotes":""},"tags":[],"tribe_events_cat":[105],"class_list":["post-19919","tribe_events","type-tribe_events","status-publish","hentry","tribe_events_cat-espanol","cat_espanol"],"acf":[],"_links":{"self":[{"href":"https:\/\/fundacionincipe.com\/index.php\/wp-json\/wp\/v2\/tribe_events\/19919","targetHints":{"allow":["GET"]}}],"collection":[{"href":"https:\/\/fundacionincipe.com\/index.php\/wp-json\/wp\/v2\/tribe_events"}],"about":[{"href":"https:\/\/fundacionincipe.com\/index.php\/wp-json\/wp\/v2\/types\/tribe_events"}],"author":[{"embeddable":true,"href":"https:\/\/fundacionincipe.com\/index.php\/wp-json\/wp\/v2\/users\/3"}],"version-history":[{"count":1,"href":"https:\/\/fundacionincipe.com\/index.php\/wp-json\/wp\/v2\/tribe_events\/19919\/revisions"}],"predecessor-version":[{"id":19920,"href":"https:\/\/fundacionincipe.com\/index.php\/wp-json\/wp\/v2\/tribe_events\/19919\/revisions\/19920"}],"wp:attachment":[{"href":"https:\/\/fundacionincipe.com\/index.php\/wp-json\/wp\/v2\/media?parent=19919"}],"wp:term":[{"taxonomy":"post_tag","embeddable":true,"href":"https:\/\/fundacionincipe.com\/index.php\/wp-json\/wp\/v2\/tags?post=19919"},{"taxonomy":"tribe_events_cat","embeddable":true,"href":"https:\/\/fundacionincipe.com\/index.php\/wp-json\/wp\/v2\/tribe_events_cat?post=19919"}],"curies":[{"name":"wp","href":"https:\/\/api.w.org\/{rel}","templated":true}]}}

<p>En esta reunión, los ministros de Asuntos Exteriores de los países miembros de la UE abordarán una serie de temas clave en política exterior y seguridad</p>
