{"id":19917,"date":"2025-01-28T13:34:05","date_gmt":"2025-01-28T13:34:05","guid":{"rendered":"https:\/\/fundacionincipe.com\/?post_type=tribe_events&#038;p=19917"},"modified":"2025-01-28T13:34:05","modified_gmt":"2025-01-28T13:34:05","slug":"cumbre-ekos-de-sostenibilidad-quito","status":"publish","type":"tribe_events","link":"https:\/\/fundacionincipe.com\/index.php\/event\/cumbre-ekos-de-sostenibilidad-quito\/","title":{"rendered":"Cumbre Ekos de Sostenibilidad, Quito"},"content":{"rendered":"","protected":false},"excerpt":{"rendered":"<p>La Cumbre reunir\u00e1 el 23 y 24 de abril a l\u00edderes empresariales, autoridades gubernamentales y expertos de Am\u00e9rica Latina para promover pr\u00e1cticas empresariales responsables y la sostenibilidad en la regi\u00f3n. Se abordar\u00e1n temas clave como la descarbonizaci\u00f3n, la gesti\u00f3n eficiente de recursos naturales, el impacto social de las empresas y estrategias de inclusi\u00f3n. Tambi\u00e9n se explorar\u00e1n innovaciones tecnol\u00f3gicas para reducir la huella ecol\u00f3gica y mejorar los procesos, fortaleciendo alianzas p\u00fablico-privadas para avanzar hacia los Objetivos de Desarrollo Sostenible (ODS) en Am\u00e9rica Latina.<\/p>\n","protected":false},"author":3,"featured_media":0,"template":"","meta":{"_acf_changed":false,"_tribe_events_status":"","_tribe_events_status_reason":"","footnotes":""},"tags":[],"tribe_events_cat":[105],"class_list":["post-19917","tribe_events","type-tribe_events","status-publish","hentry","tribe_events_cat-espanol","cat_espanol"],"acf":[],"_links":{"self":[{"href":"https:\/\/fundacionincipe.com\/index.php\/wp-json\/wp\/v2\/tribe_events\/19917","targetHints":{"allow":["GET"]}}],"collection":[{"href":"https:\/\/fundacionincipe.com\/index.php\/wp-json\/wp\/v2\/tribe_events"}],"about":[{"href":"https:\/\/fundacionincipe.com\/index.php\/wp-json\/wp\/v2\/types\/tribe_events"}],"author":[{"embeddable":true,"href":"https:\/\/fundacionincipe.com\/index.php\/wp-json\/wp\/v2\/users\/3"}],"version-history":[{"count":1,"href":"https:\/\/fundacionincipe.com\/index.php\/wp-json\/wp\/v2\/tribe_events\/19917\/revisions"}],"predecessor-version":[{"id":19918,"href":"https:\/\/fundacionincipe.com\/index.php\/wp-json\/wp\/v2\/tribe_events\/19917\/revisions\/19918"}],"wp:attachment":[{"href":"https:\/\/fundacionincipe.com\/index.php\/wp-json\/wp\/v2\/media?parent=19917"}],"wp:term":[{"taxonomy":"post_tag","embeddable":true,"href":"https:\/\/fundacionincipe.com\/index.php\/wp-json\/wp\/v2\/tags?post=19917"},{"taxonomy":"tribe_events_cat","embeddable":true,"href":"https:\/\/fundacionincipe.com\/index.php\/wp-json\/wp\/v2\/tribe_events_cat?post=19917"}],"curies":[{"name":"wp","href":"https:\/\/api.w.org\/{rel}","templated":true}]}}

<p>La Cumbre reunirá el 23 y 24 de abril a líderes empresariales, autoridades gubernamentales y expertos de América Latina para promover prácticas empresariales responsables y la sostenibilidad en la región. Se abordarán temas clave como la descarbonización, la gestión eficiente de recursos naturales, el impacto social de las empresas y estrategias de inclusión. También se explorarán innovaciones tecnológicas para reducir la huella ecológica y mejorar los procesos, fortaleciendo alianzas público-privadas para avanzar hacia los Objetivos de Desarrollo Sostenible (ODS) en América Latina.</p>
