{"id":19913,"date":"2025-01-28T12:59:04","date_gmt":"2025-01-28T12:59:04","guid":{"rendered":"https:\/\/fundacionincipe.com\/?post_type=tribe_events&#038;p=19913"},"modified":"2026-03-09T09:01:32","modified_gmt":"2026-03-09T09:01:32","slug":"dia-internacional-del-derecho-a-la-verdad-en-relacion-con-violaciones-graves-de-los-derechos-humanos-y-de-la-dignidad-de-las-victimas","status":"publish","type":"tribe_events","link":"https:\/\/fundacionincipe.com\/index.php\/event\/dia-internacional-del-derecho-a-la-verdad-en-relacion-con-violaciones-graves-de-los-derechos-humanos-y-de-la-dignidad-de-las-victimas\/","title":{"rendered":"D\u00eda Internacional del Derecho a la Verdad en relaci\u00f3n con Violaciones Graves de los Derechos Humanos y de la Dignidad de las V\u00edctimas"},"content":{"rendered":"","protected":false},"excerpt":{"rendered":"","protected":false},"author":3,"featured_media":0,"template":"","meta":{"_acf_changed":false,"_tribe_events_status":"","_tribe_events_status_reason":"","footnotes":""},"tags":[],"tribe_events_cat":[105],"class_list":["post-19913","tribe_events","type-tribe_events","status-publish","hentry","tribe_events_cat-espanol","cat_espanol"],"acf":[],"_links":{"self":[{"href":"https:\/\/fundacionincipe.com\/index.php\/wp-json\/wp\/v2\/tribe_events\/19913","targetHints":{"allow":["GET"]}}],"collection":[{"href":"https:\/\/fundacionincipe.com\/index.php\/wp-json\/wp\/v2\/tribe_events"}],"about":[{"href":"https:\/\/fundacionincipe.com\/index.php\/wp-json\/wp\/v2\/types\/tribe_events"}],"author":[{"embeddable":true,"href":"https:\/\/fundacionincipe.com\/index.php\/wp-json\/wp\/v2\/users\/3"}],"version-history":[{"count":1,"href":"https:\/\/fundacionincipe.com\/index.php\/wp-json\/wp\/v2\/tribe_events\/19913\/revisions"}],"predecessor-version":[{"id":19914,"href":"https:\/\/fundacionincipe.com\/index.php\/wp-json\/wp\/v2\/tribe_events\/19913\/revisions\/19914"}],"wp:attachment":[{"href":"https:\/\/fundacionincipe.com\/index.php\/wp-json\/wp\/v2\/media?parent=19913"}],"wp:term":[{"taxonomy":"post_tag","embeddable":true,"href":"https:\/\/fundacionincipe.com\/index.php\/wp-json\/wp\/v2\/tags?post=19913"},{"taxonomy":"tribe_events_cat","embeddable":true,"href":"https:\/\/fundacionincipe.com\/index.php\/wp-json\/wp\/v2\/tribe_events_cat?post=19913"}],"curies":[{"name":"wp","href":"https:\/\/api.w.org\/{rel}","templated":true}]}}

Día Internacional del Derecho a la Verdad en relación con Violaciones Graves de los Derechos Humanos y de la Dignidad de las Víctimas
