{"id":19911,"date":"2025-01-28T12:58:18","date_gmt":"2025-01-28T12:58:18","guid":{"rendered":"https:\/\/fundacionincipe.com\/?post_type=tribe_events&#038;p=19911"},"modified":"2025-01-28T12:58:18","modified_gmt":"2025-01-28T12:58:18","slug":"cumbre-del-consejo-europeo-de-la-ue-bruselas","status":"publish","type":"tribe_events","link":"https:\/\/fundacionincipe.com\/index.php\/event\/cumbre-del-consejo-europeo-de-la-ue-bruselas\/","title":{"rendered":"Cumbre del Consejo Europeo de la UE, Bruselas"},"content":{"rendered":"","protected":false},"excerpt":{"rendered":"<p>Los jefes de Estado y de gobierno de los 27 pa\u00edses miembros de la Uni\u00f3n Europea debatir\u00e1n temas cruciales de la agenda pol\u00edtica de la UE, como seguridad y defensa, relaciones exteriores, econom\u00eda, reformas internas (como la transformaci\u00f3n digital) y la ampliaci\u00f3n de la UE. Este Consejo, que se celebrar\u00e1 del 20 al 21 de marzo, es esencial para definir las orientaciones estrat\u00e9gicas de la UE y asegurar la cohesi\u00f3n entre los Estados miembros frente a los desaf\u00edos globales.<\/p>\n","protected":false},"author":3,"featured_media":0,"template":"","meta":{"_acf_changed":false,"_tribe_events_status":"","_tribe_events_status_reason":"","footnotes":""},"tags":[],"tribe_events_cat":[105],"class_list":["post-19911","tribe_events","type-tribe_events","status-publish","hentry","tribe_events_cat-espanol","cat_espanol"],"acf":[],"_links":{"self":[{"href":"https:\/\/fundacionincipe.com\/index.php\/wp-json\/wp\/v2\/tribe_events\/19911","targetHints":{"allow":["GET"]}}],"collection":[{"href":"https:\/\/fundacionincipe.com\/index.php\/wp-json\/wp\/v2\/tribe_events"}],"about":[{"href":"https:\/\/fundacionincipe.com\/index.php\/wp-json\/wp\/v2\/types\/tribe_events"}],"author":[{"embeddable":true,"href":"https:\/\/fundacionincipe.com\/index.php\/wp-json\/wp\/v2\/users\/3"}],"version-history":[{"count":1,"href":"https:\/\/fundacionincipe.com\/index.php\/wp-json\/wp\/v2\/tribe_events\/19911\/revisions"}],"predecessor-version":[{"id":19912,"href":"https:\/\/fundacionincipe.com\/index.php\/wp-json\/wp\/v2\/tribe_events\/19911\/revisions\/19912"}],"wp:attachment":[{"href":"https:\/\/fundacionincipe.com\/index.php\/wp-json\/wp\/v2\/media?parent=19911"}],"wp:term":[{"taxonomy":"post_tag","embeddable":true,"href":"https:\/\/fundacionincipe.com\/index.php\/wp-json\/wp\/v2\/tags?post=19911"},{"taxonomy":"tribe_events_cat","embeddable":true,"href":"https:\/\/fundacionincipe.com\/index.php\/wp-json\/wp\/v2\/tribe_events_cat?post=19911"}],"curies":[{"name":"wp","href":"https:\/\/api.w.org\/{rel}","templated":true}]}}

<p>Los jefes de Estado y de gobierno de los 27 países miembros de la Unión Europea debatirán temas cruciales de la agenda política de la UE, como seguridad y defensa, relaciones exteriores, economía, reformas internas (como la transformación digital) y la ampliación de la UE. Este Consejo, que se celebrará del 20 al 21 de marzo, es esencial para definir las orientaciones estratégicas de la UE y asegurar la cohesión entre los Estados miembros frente a los desafíos globales.</p>
