{"id":19900,"date":"2025-01-28T12:49:02","date_gmt":"2025-01-28T12:49:02","guid":{"rendered":"https:\/\/fundacionincipe.com\/?post_type=tribe_events&#038;p=19900"},"modified":"2025-01-28T12:49:36","modified_gmt":"2025-01-28T12:49:36","slug":"cumbre-preministral-madrid","status":"publish","type":"tribe_events","link":"https:\/\/fundacionincipe.com\/index.php\/event\/cumbre-preministral-madrid\/","title":{"rendered":"Cumbre Preministral, Madrid"},"content":{"rendered":"","protected":false},"excerpt":{"rendered":"<p>La Cumbre Madrid 2025 reunir\u00e1 el 27 y 28 de febrero a l\u00edderes y expertos internacionales para explorar las oportunidades de la transformaci\u00f3n digital y las pr\u00e1cticas sostenibles, debatir estrategias para una econom\u00eda verde y digital, y promover alianzas clave para un futuro m\u00e1s sostenible y tecnol\u00f3gicamente avanzado.<\/p>\n","protected":false},"author":3,"featured_media":0,"template":"","meta":{"_acf_changed":false,"_tribe_events_status":"","_tribe_events_status_reason":"","footnotes":""},"tags":[],"tribe_events_cat":[105],"class_list":["post-19900","tribe_events","type-tribe_events","status-publish","hentry","tribe_events_cat-espanol","cat_espanol"],"acf":[],"_links":{"self":[{"href":"https:\/\/fundacionincipe.com\/index.php\/wp-json\/wp\/v2\/tribe_events\/19900","targetHints":{"allow":["GET"]}}],"collection":[{"href":"https:\/\/fundacionincipe.com\/index.php\/wp-json\/wp\/v2\/tribe_events"}],"about":[{"href":"https:\/\/fundacionincipe.com\/index.php\/wp-json\/wp\/v2\/types\/tribe_events"}],"author":[{"embeddable":true,"href":"https:\/\/fundacionincipe.com\/index.php\/wp-json\/wp\/v2\/users\/3"}],"version-history":[{"count":2,"href":"https:\/\/fundacionincipe.com\/index.php\/wp-json\/wp\/v2\/tribe_events\/19900\/revisions"}],"predecessor-version":[{"id":19902,"href":"https:\/\/fundacionincipe.com\/index.php\/wp-json\/wp\/v2\/tribe_events\/19900\/revisions\/19902"}],"wp:attachment":[{"href":"https:\/\/fundacionincipe.com\/index.php\/wp-json\/wp\/v2\/media?parent=19900"}],"wp:term":[{"taxonomy":"post_tag","embeddable":true,"href":"https:\/\/fundacionincipe.com\/index.php\/wp-json\/wp\/v2\/tags?post=19900"},{"taxonomy":"tribe_events_cat","embeddable":true,"href":"https:\/\/fundacionincipe.com\/index.php\/wp-json\/wp\/v2\/tribe_events_cat?post=19900"}],"curies":[{"name":"wp","href":"https:\/\/api.w.org\/{rel}","templated":true}]}}

<p>La Cumbre Madrid 2025 reunirá el 27 y 28 de febrero a líderes y expertos internacionales para explorar las oportunidades de la transformación digital y las prácticas sostenibles, debatir estrategias para una economía verde y digital, y promover alianzas clave para un futuro más sostenible y tecnológicamente avanzado.</p>
