{"id":7629,"date":"2021-12-17T20:26:43","date_gmt":"2021-12-17T20:26:43","guid":{"rendered":"https:\/\/fundacionincipe.com\/?page_id=7629"},"modified":"2022-12-29T17:33:25","modified_gmt":"2022-12-29T17:33:25","slug":"dario-valcarcel-2","status":"publish","type":"page","link":"https:\/\/fundacionincipe.com\/index.php\/dario-valcarcel-2\/","title":{"rendered":"Dar\u00edo Valcarcel"},"content":{"rendered":"\n<div class=\"wp-block-media-text alignwide is-stacked-on-mobile\"><figure class=\"wp-block-media-text__media\"><img fetchpriority=\"high\" decoding=\"async\" width=\"588\" height=\"758\" src=\"https:\/\/fundacionincipe.com\/wp-content\/uploads\/2022\/12\/Dario_Varcarcel-1.jpg\" alt=\"\" class=\"wp-image-231 size-full\" srcset=\"https:\/\/fundacionincipe.com\/wp-content\/uploads\/2022\/12\/Dario_Varcarcel-1.jpg 588w, https:\/\/fundacionincipe.com\/wp-content\/uploads\/2022\/12\/Dario_Varcarcel-1-233x300.jpg 233w\" sizes=\"(max-width: 588px) 100vw, 588px\" \/><\/figure><div class=\"wp-block-media-text__content\">\n<p class=\"has-drop-cap has-normal-font-size\"> VICE PRESIDENT Dar\u00edo Valc\u00e1rcel Lezcano (April 27, 1940) Dar\u00edo Valc\u00e1rcel Lezcano is a journalist and was the founder of El Pa\u00eds, and Deputy Director of ABC. He is the General Director and CEO of the publishing group Foreign Policy Studies, S.A. which publishes the magazines Foreign Policy, Foreign Economy, and Foreign Policy Weekly Report. He was awarded with the Commander of Number of the Order of Isabel the Catholic due to his labour as editor at the Foreign Policy magazine.  <\/p>\n<\/div><\/div>\n","protected":false},"excerpt":{"rendered":"<p>VICE PRESIDENT Dar\u00edo Valc\u00e1rcel Lezcano (April 27, 1940) Dar\u00edo Valc\u00e1rcel Lezcano is a journalist and was the founder of El Pa\u00eds, and Deputy Director of ABC. He is the General [&hellip;]<\/p>\n","protected":false},"author":4,"featured_media":0,"parent":0,"menu_order":0,"comment_status":"closed","ping_status":"closed","template":"","meta":{"_acf_changed":false,"footnotes":""},"class_list":["post-7629","page","type-page","status-publish","hentry"],"acf":[],"_links":{"self":[{"href":"https:\/\/fundacionincipe.com\/index.php\/wp-json\/wp\/v2\/pages\/7629","targetHints":{"allow":["GET"]}}],"collection":[{"href":"https:\/\/fundacionincipe.com\/index.php\/wp-json\/wp\/v2\/pages"}],"about":[{"href":"https:\/\/fundacionincipe.com\/index.php\/wp-json\/wp\/v2\/types\/page"}],"author":[{"embeddable":true,"href":"https:\/\/fundacionincipe.com\/index.php\/wp-json\/wp\/v2\/users\/4"}],"replies":[{"embeddable":true,"href":"https:\/\/fundacionincipe.com\/index.php\/wp-json\/wp\/v2\/comments?post=7629"}],"version-history":[{"count":1,"href":"https:\/\/fundacionincipe.com\/index.php\/wp-json\/wp\/v2\/pages\/7629\/revisions"}],"predecessor-version":[{"id":10525,"href":"https:\/\/fundacionincipe.com\/index.php\/wp-json\/wp\/v2\/pages\/7629\/revisions\/10525"}],"wp:attachment":[{"href":"https:\/\/fundacionincipe.com\/index.php\/wp-json\/wp\/v2\/media?parent=7629"}],"curies":[{"name":"wp","href":"https:\/\/api.w.org\/{rel}","templated":true}]}}

Darío Valcarcel

<div class="wp-block-media-text alignwide is-stacked-on-mobile"><figure class="wp-block-media-text__media"><img fetchpriority="high" decoding="async" width="588" height="758" src="https://fundacionincipe.com/wp-content/uploads/2022/12/Dario_Varcarcel-1.jpg" alt="" class="wp-image-231 size-full" srcset="https://fundacionincipe.com/wp-content/uploads/2022/12/Dario_Varcarcel-1.jpg 588w, https://fundacionincipe.com/wp-content/uploads/2022/12/Dario_Varcarcel-1-233x300.jpg 233w" sizes="(max-width: 588px) 100vw, 588px" /></figure><div class="wp-block-media-text__content">
<p class="has-drop-cap has-normal-font-size"> VICE PRESIDENT Darío Valcárcel Lezcano (April 27, 1940) Darío Valcárcel Lezcano is a journalist and was the founder of El País, and Deputy Director of ABC. He is the General Director and CEO of the publishing group Foreign Policy Studies, S.A. which publishes the magazines Foreign Policy, Foreign Economy, and Foreign Policy Weekly Report. He was awarded with the Commander of Number of the Order of Isabel the Catholic due to his labour as editor at the Foreign Policy magazine.  </p>
</div></div>

<p>VICE PRESIDENT Darío Valcárcel Lezcano (April 27, 1940) Darío Valcárcel Lezcano is a journalist and was the founder of El País, and Deputy Director of ABC. He is the General [&hellip;]</p>
