{"id":7596,"date":"2021-12-17T09:02:46","date_gmt":"2021-12-17T09:02:46","guid":{"rendered":"https:\/\/fundacionincipe.com\/?page_id=7596"},"modified":"2021-12-17T09:02:46","modified_gmt":"2021-12-17T09:02:46","slug":"manuel-valencia-3","status":"publish","type":"page","link":"https:\/\/fundacionincipe.com\/index.php\/manuel-valencia-3\/","title":{"rendered":"Manuel Valencia"},"content":{"rendered":"\n<div class=\"wp-block-media-text alignwide\"><figure class=\"wp-block-media-text__media\"><img decoding=\"async\" src=\"https:\/\/fundacionincipe.com\/wp-content\/uploads\/2021\/12\/Manuel-Valencia-1-819x1024.jpg\" alt=\"\" class=\"wp-image-7512\"\/><\/figure><div class=\"wp-block-media-text__content\">\n<p class=\"has-drop-cap has-normal-font-size\"> Manuel Valencia Alonso Nacido el 1 de julio de 1954, Manuel Mar\u00eda Valencia es licenciado en Derecho e ingres\u00f3 en 1979 en la Carrera Diplom\u00e1tica, y fue Consejero cultural en la Embajada de Espa\u00f1a en Rabat, Director de Asuntos Generales de los Servicios de Protocolo, Canciller\u00eda y \u00d3rdenes. Ocup\u00f3 el cargo de Director Jefe de la secci\u00f3n de Organismos Internacionales de Cooperaci\u00f3n y Desarrollo Econ\u00f3mico de la Subdirecci\u00f3n General de Relaciones Econ\u00f3micas Multilaterales y Director de Relaciones Econ\u00f3micas con Europa Oriental, Asia y Ocean\u00eda, entre otros. En 1986 fue nombrado Subdirector General de Relaciones Econ\u00f3micas Bilaterales con Pa\u00edses Europeos y Zonas Europeas de Libre Cambio y, posteriormente, Consejero Comercial Jefe de la Oficina Comercial de la Embajada de Espa\u00f1a en los Pa\u00edses Bajos, y Subdirector General de Relaciones Econ\u00f3micas Bilaterales. Ha sido Vicepresidente de T\u00e9cnicas Reunidas Internacional hasta que fue nombrado como actual Embajador de Espa\u00f1a en la R. P. China.  <\/p>\n<\/div><\/div>\n","protected":false},"excerpt":{"rendered":"<p>Manuel Valencia Alonso Nacido el 1 de julio de 1954, Manuel Mar\u00eda Valencia es licenciado en Derecho e ingres\u00f3 en 1979 en la Carrera Diplom\u00e1tica, y fue Consejero cultural en [&hellip;]<\/p>\n","protected":false},"author":4,"featured_media":0,"parent":0,"menu_order":0,"comment_status":"closed","ping_status":"closed","template":"","meta":{"_acf_changed":false,"footnotes":""},"class_list":["post-7596","page","type-page","status-publish","hentry"],"acf":[],"_links":{"self":[{"href":"https:\/\/fundacionincipe.com\/index.php\/wp-json\/wp\/v2\/pages\/7596","targetHints":{"allow":["GET"]}}],"collection":[{"href":"https:\/\/fundacionincipe.com\/index.php\/wp-json\/wp\/v2\/pages"}],"about":[{"href":"https:\/\/fundacionincipe.com\/index.php\/wp-json\/wp\/v2\/types\/page"}],"author":[{"embeddable":true,"href":"https:\/\/fundacionincipe.com\/index.php\/wp-json\/wp\/v2\/users\/4"}],"replies":[{"embeddable":true,"href":"https:\/\/fundacionincipe.com\/index.php\/wp-json\/wp\/v2\/comments?post=7596"}],"version-history":[{"count":0,"href":"https:\/\/fundacionincipe.com\/index.php\/wp-json\/wp\/v2\/pages\/7596\/revisions"}],"wp:attachment":[{"href":"https:\/\/fundacionincipe.com\/index.php\/wp-json\/wp\/v2\/media?parent=7596"}],"curies":[{"name":"wp","href":"https:\/\/api.w.org\/{rel}","templated":true}]}}