{"id":7592,"date":"2021-12-17T08:55:53","date_gmt":"2021-12-17T08:55:53","guid":{"rendered":"https:\/\/fundacionincipe.com\/?page_id=7592"},"modified":"2021-12-17T08:55:53","modified_gmt":"2021-12-17T08:55:53","slug":"ramon-de-miguel-3","status":"publish","type":"page","link":"https:\/\/fundacionincipe.com\/index.php\/ramon-de-miguel-3\/","title":{"rendered":"Ram\u00f3n de Miguel"},"content":{"rendered":"\n<div class=\"wp-block-media-text alignwide\"><figure class=\"wp-block-media-text__media\"><img decoding=\"async\" src=\"https:\/\/fundacionincipe.com\/wp-content\/uploads\/2021\/12\/Ram\u00f3n-de-Miguel-819x1024.jpg\" alt=\"\" class=\"wp-image-7494\"\/><\/figure><div class=\"wp-block-media-text__content\">\n<p class=\"has-drop-cap has-normal-font-size\"> Ram\u00f3n de Miguel y Egea Licenciado en Derecho por la Universidad Complutense de Madrid, Ram\u00f3n de Miguel ingres\u00f3 en la carrera diplom\u00e1tica en 1973 y form\u00f3 parte del equipo negociador para la adhesi\u00f3n de Espa\u00f1a a las Comunidades Europeas. En 1986, coincidiendo con la entrada de Espa\u00f1a, se incorpor\u00f3 a la Comisi\u00f3n, donde fue Jefe de Gabinete de dos comisarios espa\u00f1oles (Abel Matutes y Marcelino Oreja) y Director General de Energ\u00eda de la UE. En la primera legislatura de Jos\u00e9 Mar\u00eda Aznar fue Secretario de Estado de Pol\u00edtica Exterior y para la Uni\u00f3n Europea; y en la segunda, Secretario de Estado para Asuntos Europeos. Ha ocupado el cargo de Presidente de Iberdrola Ingenier\u00eda y Construcci\u00f3n, filial de Iberdrola. Ha sido designado Embajador de Espa\u00f1a en Francia, puesto que ocupa desde verano de 2014.  <\/p>\n<\/div><\/div>\n","protected":false},"excerpt":{"rendered":"<p>Ram\u00f3n de Miguel y Egea Licenciado en Derecho por la Universidad Complutense de Madrid, Ram\u00f3n de Miguel ingres\u00f3 en la carrera diplom\u00e1tica en 1973 y form\u00f3 parte del equipo negociador [&hellip;]<\/p>\n","protected":false},"author":4,"featured_media":0,"parent":0,"menu_order":0,"comment_status":"closed","ping_status":"closed","template":"","meta":{"_acf_changed":false,"footnotes":""},"class_list":["post-7592","page","type-page","status-publish","hentry"],"acf":[],"_links":{"self":[{"href":"https:\/\/fundacionincipe.com\/index.php\/wp-json\/wp\/v2\/pages\/7592","targetHints":{"allow":["GET"]}}],"collection":[{"href":"https:\/\/fundacionincipe.com\/index.php\/wp-json\/wp\/v2\/pages"}],"about":[{"href":"https:\/\/fundacionincipe.com\/index.php\/wp-json\/wp\/v2\/types\/page"}],"author":[{"embeddable":true,"href":"https:\/\/fundacionincipe.com\/index.php\/wp-json\/wp\/v2\/users\/4"}],"replies":[{"embeddable":true,"href":"https:\/\/fundacionincipe.com\/index.php\/wp-json\/wp\/v2\/comments?post=7592"}],"version-history":[{"count":0,"href":"https:\/\/fundacionincipe.com\/index.php\/wp-json\/wp\/v2\/pages\/7592\/revisions"}],"wp:attachment":[{"href":"https:\/\/fundacionincipe.com\/index.php\/wp-json\/wp\/v2\/media?parent=7592"}],"curies":[{"name":"wp","href":"https:\/\/api.w.org\/{rel}","templated":true}]}}

Ramón de Miguel

<div class="wp-block-media-text alignwide"><figure class="wp-block-media-text__media"><img decoding="async" src="https://fundacionincipe.com/wp-content/uploads/2021/12/Ramón-de-Miguel-819x1024.jpg" alt="" class="wp-image-7494"/></figure><div class="wp-block-media-text__content">
<p class="has-drop-cap has-normal-font-size"> Ramón de Miguel y Egea Licenciado en Derecho por la Universidad Complutense de Madrid, Ramón de Miguel ingresó en la carrera diplomática en 1973 y formó parte del equipo negociador para la adhesión de España a las Comunidades Europeas. En 1986, coincidiendo con la entrada de España, se incorporó a la Comisión, donde fue Jefe de Gabinete de dos comisarios españoles (Abel Matutes y Marcelino Oreja) y Director General de Energía de la UE. En la primera legislatura de José María Aznar fue Secretario de Estado de Política Exterior y para la Unión Europea; y en la segunda, Secretario de Estado para Asuntos Europeos. Ha ocupado el cargo de Presidente de Iberdrola Ingeniería y Construcción, filial de Iberdrola. Ha sido designado Embajador de España en Francia, puesto que ocupa desde verano de 2014.  </p>
</div></div>

<p>Ramón de Miguel y Egea Licenciado en Derecho por la Universidad Complutense de Madrid, Ramón de Miguel ingresó en la carrera diplomática en 1973 y formó parte del equipo negociador [&hellip;]</p>
