{"id":7560,"date":"2021-12-16T19:48:28","date_gmt":"2021-12-16T19:48:28","guid":{"rendered":"https:\/\/fundacionincipe.com\/?page_id=7560"},"modified":"2021-12-16T19:48:28","modified_gmt":"2021-12-16T19:48:28","slug":"7560-2","status":"publish","type":"page","link":"https:\/\/fundacionincipe.com\/index.php\/7560-2\/","title":{"rendered":"Juli\u00e1n Garc\u00eda Vargas"},"content":{"rendered":"\n<div class=\"wp-block-media-text alignwide\"><figure class=\"wp-block-media-text__media\"><img decoding=\"async\" src=\"https:\/\/fundacionincipe.com\/wp-content\/uploads\/2021\/12\/JulianGarciaVargas.jpg\" alt=\"\" class=\"wp-image-7030\"\/><\/figure><div class=\"wp-block-media-text__content\">\n<p class=\"has-drop-cap has-normal-font-size\"> Juli\u00e1n Garc\u00eda Vargas Nacido en Madrid en 1945, es economista y pol\u00edtico espa\u00f1ol. Licenciado en Ciencias Econ\u00f3micas en la Universidad Complutense de Madrid. Funcionario del Cuerpo Superior de Administradores Civiles del Estado, ejerciendo como inspector de Hacienda. Ingres\u00f3 en el PSOE en 1976, pero dos a\u00f1os antes coincid\u00eda con Ernest Lluch y Enrique Bar\u00f3n en la Federaci\u00f3n de Partidos Socialistas. Fue Subinspector de Pol\u00edtica Financiera y entre 1983 y 1986 presidi\u00f3 el Instituto de Cr\u00e9dito Oficial (ICO). Fue Ministro de Sanidad y Consumo de 1986 a 1991, donde aplico la Ley del Aborto e impuls\u00f3 la reforma que luego llevar\u00eda a la pr\u00e1ctica su colega \u00c1ngeles Amador. Tambi\u00e9n bajo la Presidencia del Gobierno de Felipe Gonz\u00e1lez M\u00e1rquez, de 1991 a 1995, fue Ministro de Defensa, d\u00f3nde reform\u00f3 el servicio militar, con la reducci\u00f3n a nueve meses y propuso el reordenamiento territorial de nuestras Fuerzas Armadas (Plan NORTE), algo que era urgente de cara a la modernizaci\u00f3n de los ej\u00e9rcitos y su encaje dentro de los organismos militares europeos. En diciembre de 1995 fue Enviado Especial de la Uni\u00f3n Europea a Bosnia para la supervisi\u00f3n de los Acuerdos de Paz de Dayton hasta abril de 1996. Est\u00e1 en posesi\u00f3n de la Gran Cruz del M\u00e9rito Militar de Espa\u00f1a, de la Cruz de la Guardia Civil, de la Gran Cruz del M\u00e9rito Aeron\u00e1utico, de la Gran Cruz del M\u00e9rito de la R.F. de Alemania y de otras condecoraciones. En la actualidad es consejero de empresas privadas. Es vicepresidente de la Confederaci\u00f3n de Fundaciones y expresidente de la Asociaci\u00f3n Atl\u00e1ntica Espa\u00f1ola. Ha sido Presidente de TEDAE (Asociaci\u00f3n Espa\u00f1ola de las Empresas Tecnol\u00f3gicas de Defensa, Aeron\u00e1utica y Espacio). Adem\u00e1s de INCIPE, es Patrono de la Fundaci\u00f3n Espa\u00f1ola del Instituto Weizmann de Israel.  <\/p>\n<\/div><\/div>\n","protected":false},"excerpt":{"rendered":"<p>Juli\u00e1n Garc\u00eda Vargas Nacido en Madrid en 1945, es economista y pol\u00edtico espa\u00f1ol. Licenciado en Ciencias Econ\u00f3micas en la Universidad Complutense de Madrid. Funcionario del Cuerpo Superior de Administradores Civiles [&hellip;]<\/p>\n","protected":false},"author":4,"featured_media":0,"parent":0,"menu_order":0,"comment_status":"closed","ping_status":"closed","template":"","meta":{"_acf_changed":false,"footnotes":""},"class_list":["post-7560","page","type-page","status-publish","hentry"],"acf":[],"_links":{"self":[{"href":"https:\/\/fundacionincipe.com\/index.php\/wp-json\/wp\/v2\/pages\/7560","targetHints":{"allow":["GET"]}}],"collection":[{"href":"https:\/\/fundacionincipe.com\/index.php\/wp-json\/wp\/v2\/pages"}],"about":[{"href":"https:\/\/fundacionincipe.com\/index.php\/wp-json\/wp\/v2\/types\/page"}],"author":[{"embeddable":true,"href":"https:\/\/fundacionincipe.com\/index.php\/wp-json\/wp\/v2\/users\/4"}],"replies":[{"embeddable":true,"href":"https:\/\/fundacionincipe.com\/index.php\/wp-json\/wp\/v2\/comments?post=7560"}],"version-history":[{"count":0,"href":"https:\/\/fundacionincipe.com\/index.php\/wp-json\/wp\/v2\/pages\/7560\/revisions"}],"wp:attachment":[{"href":"https:\/\/fundacionincipe.com\/index.php\/wp-json\/wp\/v2\/media?parent=7560"}],"curies":[{"name":"wp","href":"https:\/\/api.w.org\/{rel}","templated":true}]}}

Julián García Vargas

<div class="wp-block-media-text alignwide"><figure class="wp-block-media-text__media"><img decoding="async" src="https://fundacionincipe.com/wp-content/uploads/2021/12/JulianGarciaVargas.jpg" alt="" class="wp-image-7030"/></figure><div class="wp-block-media-text__content">
<p class="has-drop-cap has-normal-font-size"> Julián García Vargas Nacido en Madrid en 1945, es economista y político español. Licenciado en Ciencias Económicas en la Universidad Complutense de Madrid. Funcionario del Cuerpo Superior de Administradores Civiles del Estado, ejerciendo como inspector de Hacienda. Ingresó en el PSOE en 1976, pero dos años antes coincidía con Ernest Lluch y Enrique Barón en la Federación de Partidos Socialistas. Fue Subinspector de Política Financiera y entre 1983 y 1986 presidió el Instituto de Crédito Oficial (ICO). Fue Ministro de Sanidad y Consumo de 1986 a 1991, donde aplico la Ley del Aborto e impulsó la reforma que luego llevaría a la práctica su colega Ángeles Amador. También bajo la Presidencia del Gobierno de Felipe González Márquez, de 1991 a 1995, fue Ministro de Defensa, dónde reformó el servicio militar, con la reducción a nueve meses y propuso el reordenamiento territorial de nuestras Fuerzas Armadas (Plan NORTE), algo que era urgente de cara a la modernización de los ejércitos y su encaje dentro de los organismos militares europeos. En diciembre de 1995 fue Enviado Especial de la Unión Europea a Bosnia para la supervisión de los Acuerdos de Paz de Dayton hasta abril de 1996. Está en posesión de la Gran Cruz del Mérito Militar de España, de la Cruz de la Guardia Civil, de la Gran Cruz del Mérito Aeronáutico, de la Gran Cruz del Mérito de la R.F. de Alemania y de otras condecoraciones. En la actualidad es consejero de empresas privadas. Es vicepresidente de la Confederación de Fundaciones y expresidente de la Asociación Atlántica Española. Ha sido Presidente de TEDAE (Asociación Española de las Empresas Tecnológicas de Defensa, Aeronáutica y Espacio). Además de INCIPE, es Patrono de la Fundación Española del Instituto Weizmann de Israel.  </p>
</div></div>

<p>Julián García Vargas Nacido en Madrid en 1945, es economista y político español. Licenciado en Ciencias Económicas en la Universidad Complutense de Madrid. Funcionario del Cuerpo Superior de Administradores Civiles [&hellip;]</p>
