{"id":7170,"date":"2021-12-06T14:25:15","date_gmt":"2021-12-06T14:25:15","guid":{"rendered":"https:\/\/fundacionincipe.com\/?page_id=7170"},"modified":"2025-02-06T12:20:10","modified_gmt":"2025-02-06T12:20:10","slug":"eduardo-serra","status":"publish","type":"page","link":"https:\/\/fundacionincipe.com\/index.php\/eduardo-serra\/","title":{"rendered":"Eduardo Serra"},"content":{"rendered":"\n<div class=\"wp-block-group alignwide\"><div class=\"wp-block-group__inner-container is-layout-flow wp-block-group-is-layout-flow\">\n<div class=\"wp-block-group alignwide\"><div class=\"wp-block-group__inner-container is-layout-flow wp-block-group-is-layout-flow\">\n<div class=\"wp-block-media-text alignwide is-vertically-aligned-center\"><figure class=\"wp-block-media-text__media\"><img decoding=\"async\" src=\"https:\/\/fundacionincipe.com\/wp-content\/uploads\/2021\/12\/eduardoserra2.jpg\" alt=\"\" class=\"wp-image-6827 size-full\"\/><\/figure><div class=\"wp-block-media-text__content\">\n<p><strong>Vicepresidente<\/strong><\/p>\n\n\n\n<p class=\"has-drop-cap has-normal-font-size\">Eduardo Serra Reixac Nacido en Madrid el 19 de diciembre de 1946. Estudi\u00f3 en el Instituto Ramiro de Maeztu de Madrid, del que recibi\u00f3 en 2010 la medalla de antiguo alumno. Licenciado en Derecho en 1968 por la Universidad Complutense de Madrid, en 1974 ingres\u00f3 con el n\u00famero uno en el Cuerpo de Abogados del Estado. En 1977 entr\u00f3 a trabajar en el gabinete t\u00e9cnico del ministro de Industria, Alberto Oliart, siendo presidente Adolfo Su\u00e1rez, de la Uni\u00f3n de Centro Democr\u00e1tico. En 1982, el nuevo Presidente, Leopoldo Calvo-Sotelo, nombr\u00f3 a Oliart Ministro de Defensa, y \u00e9ste escogi\u00f3 a Serra como Subsecretario. En 1982, el Partido Socialista Obrero Espa\u00f1ol gan\u00f3 las elecciones. El Presidente Felipe Gonz\u00e1lez M\u00e1rquez nombr\u00f3 Ministro de Defensa a Narc\u00eds Serra, quien mantuvo a Serra Rexach en el cargo de Subsecretario hasta que en 1984 lo nombr\u00f3 Secretario de Estado de Defensa. Como n\u00famero dos del Ministerio, durante la etapa de acomodaci\u00f3n de Espa\u00f1a en la OTAN, Serra Rexach manej\u00f3 los presupuestos hasta su renuncia en 1987. En julio de 1987 se incorpor\u00f3 a la Fundaci\u00f3n de Ayuda contra la Drogadicci\u00f3n (FAD), junto al entonces teniente general Manuel Guti\u00e9rrez Mellado. Entre 1993 y 1996 fue presidente del Instituto de Cuestiones Internacionales y Pol\u00edtica Exterior (INCIPE). En 1996 gan\u00f3 las elecciones el Partido Popular, y el nuevo Presidente, Jos\u00e9 Mar\u00eda Aznar, nombr\u00f3 a Serra Ministro de Defensa, hasta el a\u00f1o 2000, en que fue sustituido por Federico Trillo-Figueroa. Uno de los principales hitos de esos cuatro a\u00f1os en el Ministerio fue el inicio de la misi\u00f3n espa\u00f1ola en Kosovo, que durar\u00eda diez a\u00f1os. Fue Presidente del Real Instituto Elcano de Estudios Internacionales y Estrat\u00e9gicos. Es miembro de la Academia Europea de Ciencias y Artes desde 1997. En la actualidad, Eduardo Serra es presidente de la Fundaci\u00f3n Everis, adem\u00e1s de consejero de varias empresas.<\/p>\n<\/div><\/div>\n<\/div><\/div>\n<\/div><\/div>\n","protected":false},"excerpt":{"rendered":"<p>Vicepresidente Eduardo Serra Reixac Nacido en Madrid el 19 de diciembre de 1946. Estudi\u00f3 en el Instituto Ramiro de Maeztu de Madrid, del que recibi\u00f3 en 2010 la medalla de [&hellip;]<\/p>\n","protected":false},"author":4,"featured_media":0,"parent":0,"menu_order":0,"comment_status":"closed","ping_status":"closed","template":"","meta":{"_acf_changed":false,"footnotes":""},"class_list":["post-7170","page","type-page","status-publish","hentry"],"acf":[],"_links":{"self":[{"href":"https:\/\/fundacionincipe.com\/index.php\/wp-json\/wp\/v2\/pages\/7170","targetHints":{"allow":["GET"]}}],"collection":[{"href":"https:\/\/fundacionincipe.com\/index.php\/wp-json\/wp\/v2\/pages"}],"about":[{"href":"https:\/\/fundacionincipe.com\/index.php\/wp-json\/wp\/v2\/types\/page"}],"author":[{"embeddable":true,"href":"https:\/\/fundacionincipe.com\/index.php\/wp-json\/wp\/v2\/users\/4"}],"replies":[{"embeddable":true,"href":"https:\/\/fundacionincipe.com\/index.php\/wp-json\/wp\/v2\/comments?post=7170"}],"version-history":[{"count":2,"href":"https:\/\/fundacionincipe.com\/index.php\/wp-json\/wp\/v2\/pages\/7170\/revisions"}],"predecessor-version":[{"id":20056,"href":"https:\/\/fundacionincipe.com\/index.php\/wp-json\/wp\/v2\/pages\/7170\/revisions\/20056"}],"wp:attachment":[{"href":"https:\/\/fundacionincipe.com\/index.php\/wp-json\/wp\/v2\/media?parent=7170"}],"curies":[{"name":"wp","href":"https:\/\/api.w.org\/{rel}","templated":true}]}}

<div class="wp-block-group alignwide"><div class="wp-block-group__inner-container is-layout-flow wp-block-group-is-layout-flow">
<div class="wp-block-group alignwide"><div class="wp-block-group__inner-container is-layout-flow wp-block-group-is-layout-flow">
<div class="wp-block-media-text alignwide is-vertically-aligned-center"><figure class="wp-block-media-text__media"><img decoding="async" src="https://fundacionincipe.com/wp-content/uploads/2021/12/eduardoserra2.jpg" alt="" class="wp-image-6827 size-full"/></figure><div class="wp-block-media-text__content">
<p><strong>Vicepresidente</strong></p>



<p class="has-drop-cap has-normal-font-size">Eduardo Serra Reixac Nacido en Madrid el 19 de diciembre de 1946. Estudió en el Instituto Ramiro de Maeztu de Madrid, del que recibió en 2010 la medalla de antiguo alumno. Licenciado en Derecho en 1968 por la Universidad Complutense de Madrid, en 1974 ingresó con el número uno en el Cuerpo de Abogados del Estado. En 1977 entró a trabajar en el gabinete técnico del ministro de Industria, Alberto Oliart, siendo presidente Adolfo Suárez, de la Unión de Centro Democrático. En 1982, el nuevo Presidente, Leopoldo Calvo-Sotelo, nombró a Oliart Ministro de Defensa, y éste escogió a Serra como Subsecretario. En 1982, el Partido Socialista Obrero Español ganó las elecciones. El Presidente Felipe González Márquez nombró Ministro de Defensa a Narcís Serra, quien mantuvo a Serra Rexach en el cargo de Subsecretario hasta que en 1984 lo nombró Secretario de Estado de Defensa. Como número dos del Ministerio, durante la etapa de acomodación de España en la OTAN, Serra Rexach manejó los presupuestos hasta su renuncia en 1987. En julio de 1987 se incorporó a la Fundación de Ayuda contra la Drogadicción (FAD), junto al entonces teniente general Manuel Gutiérrez Mellado. Entre 1993 y 1996 fue presidente del Instituto de Cuestiones Internacionales y Política Exterior (INCIPE). En 1996 ganó las elecciones el Partido Popular, y el nuevo Presidente, José María Aznar, nombró a Serra Ministro de Defensa, hasta el año 2000, en que fue sustituido por Federico Trillo-Figueroa. Uno de los principales hitos de esos cuatro años en el Ministerio fue el inicio de la misión española en Kosovo, que duraría diez años. Fue Presidente del Real Instituto Elcano de Estudios Internacionales y Estratégicos. Es miembro de la Academia Europea de Ciencias y Artes desde 1997. En la actualidad, Eduardo Serra es presidente de la Fundación Everis, además de consejero de varias empresas.</p>
</div></div>
</div></div>
</div></div>

<p>Vicepresidente Eduardo Serra Reixac Nacido en Madrid el 19 de diciembre de 1946. Estudió en el Instituto Ramiro de Maeztu de Madrid, del que recibió en 2010 la medalla de [&hellip;]</p>
