{"id":5954,"date":"2018-11-25T18:07:24","date_gmt":"2018-11-25T18:07:24","guid":{"rendered":"https:\/\/fundacionincipe.com\/?page_id=5954"},"modified":"2018-11-25T18:07:24","modified_gmt":"2018-11-25T18:07:24","slug":"objetivos-y-metodos-2","status":"publish","type":"page","link":"https:\/\/fundacionincipe.com\/index.php\/objetivos-y-metodos-2\/","title":{"rendered":"Objetivos y m\u00e9todos"},"content":{"rendered":"<p><strong>El Instituto de Cuestiones Internacionales y Pol\u00edtica Exterior (INCIPE)<\/strong>\u00a0es una fundaci\u00f3n cultural privada sin \u00e1nimo de lucro, reconocida por el Ministerio de Cultura (Orden Ministerial de 20 de Junio de 1988). Fundada como<strong>\u00a0Centro de Estudios de Pol\u00edtica Exterior (CEPE)<\/strong>, adopta su actual nombre en 1991, despu\u00e9s de la fusi\u00f3n con el INCI (Instituto de Cuestiones Internacionales, creado en 1979), presidido por el Embajador Antonio Garrigues y D\u00edaz-Caba\u00f1ate. Desde su fundaci\u00f3n, el INCIPE ha estado presidido por Jos\u00e9 Mar\u00eda de Areilza (Conde de Motrico), Eduardo Serra Rexach y Jos\u00e9 Llad\u00f3 Fern\u00e1ndez-Urrutia.<\/p>\n<p>El\u00a0<strong>INCIPE<\/strong>\u00a0tiene por objeto b\u00e1sico la investigaci\u00f3n y el debate de los problemas de la pol\u00edtica exterior espa\u00f1ola y las relaciones internacionales contempor\u00e1neas. La Fundaci\u00f3n aspira a contribuir a un mejor conocimiento de estos problemas por parte de la opini\u00f3n p\u00fablica espa\u00f1ola y aboga por la defensa de los intereses nacionales de Espa\u00f1a en el mundo.<\/p>\n<p>La Fundaci\u00f3n mantiene una posici\u00f3n independiente de todo inter\u00e9s partidista o de grupo e integra en su actividad a colaboradores y contribuciones de procedencias pol\u00edticas y profesionales diversas.<\/p>\n","protected":false},"excerpt":{"rendered":"<p>El Instituto de Cuestiones Internacionales y Pol\u00edtica Exterior (INCIPE)\u00a0es una fundaci\u00f3n cultural privada sin \u00e1nimo de lucro, reconocida por el Ministerio de Cultura (Orden Ministerial de 20 de Junio de [&hellip;]<\/p>\n","protected":false},"author":2,"featured_media":0,"parent":0,"menu_order":0,"comment_status":"closed","ping_status":"closed","template":"","meta":{"_acf_changed":false,"footnotes":""},"class_list":["post-5954","page","type-page","status-publish","hentry"],"acf":[],"_links":{"self":[{"href":"https:\/\/fundacionincipe.com\/index.php\/wp-json\/wp\/v2\/pages\/5954","targetHints":{"allow":["GET"]}}],"collection":[{"href":"https:\/\/fundacionincipe.com\/index.php\/wp-json\/wp\/v2\/pages"}],"about":[{"href":"https:\/\/fundacionincipe.com\/index.php\/wp-json\/wp\/v2\/types\/page"}],"author":[{"embeddable":true,"href":"https:\/\/fundacionincipe.com\/index.php\/wp-json\/wp\/v2\/users\/2"}],"replies":[{"embeddable":true,"href":"https:\/\/fundacionincipe.com\/index.php\/wp-json\/wp\/v2\/comments?post=5954"}],"version-history":[{"count":1,"href":"https:\/\/fundacionincipe.com\/index.php\/wp-json\/wp\/v2\/pages\/5954\/revisions"}],"predecessor-version":[{"id":15131,"href":"https:\/\/fundacionincipe.com\/index.php\/wp-json\/wp\/v2\/pages\/5954\/revisions\/15131"}],"wp:attachment":[{"href":"https:\/\/fundacionincipe.com\/index.php\/wp-json\/wp\/v2\/media?parent=5954"}],"curies":[{"name":"wp","href":"https:\/\/api.w.org\/{rel}","templated":true}]}}

Objetivos y métodos

<p><strong>El Instituto de Cuestiones Internacionales y Política Exterior (INCIPE)</strong> es una fundación cultural privada sin ánimo de lucro, reconocida por el Ministerio de Cultura (Orden Ministerial de 20 de Junio de 1988). Fundada como<strong> Centro de Estudios de Política Exterior (CEPE)</strong>, adopta su actual nombre en 1991, después de la fusión con el INCI (Instituto de Cuestiones Internacionales, creado en 1979), presidido por el Embajador Antonio Garrigues y Díaz-Cabañate. Desde su fundación, el INCIPE ha estado presidido por José María de Areilza (Conde de Motrico), Eduardo Serra Rexach y José Lladó Fernández-Urrutia.</p>
<p>El <strong>INCIPE</strong> tiene por objeto básico la investigación y el debate de los problemas de la política exterior española y las relaciones internacionales contemporáneas. La Fundación aspira a contribuir a un mejor conocimiento de estos problemas por parte de la opinión pública española y aboga por la defensa de los intereses nacionales de España en el mundo.</p>
<p>La Fundación mantiene una posición independiente de todo interés partidista o de grupo e integra en su actividad a colaboradores y contribuciones de procedencias políticas y profesionales diversas.</p>

<p>El Instituto de Cuestiones Internacionales y Política Exterior (INCIPE) es una fundación cultural privada sin ánimo de lucro, reconocida por el Ministerio de Cultura (Orden Ministerial de 20 de Junio de [&hellip;]</p>
